CRAN Package Check Results for Package leaderCluster

Last updated on 2025-11-05 07:50:48 CET.

Flavor Version Tinstall Tcheck Ttotal Status Flags
r-devel-linux-x86_64-debian-clang 1.5 2.31 17.70 20.01 NOTE
r-devel-linux-x86_64-debian-gcc 1.5 1.97 14.90 16.87 NOTE
r-devel-linux-x86_64-fedora-clang 1.5 12.00 18.62 30.62 OK
r-devel-linux-x86_64-fedora-gcc 1.5 27.78 OK
r-devel-windows-x86_64 1.5 5.00 40.00 45.00 OK
r-patched-linux-x86_64 1.5 2.19 16.67 18.86 OK
r-release-linux-x86_64 1.5 2.05 16.71 18.76 OK
r-release-macos-arm64 1.5 2.00 15.00 17.00 OK
r-release-macos-x86_64 1.5 5.00 27.00 32.00 OK
r-release-windows-x86_64 1.5 5.00 40.00 45.00 OK
r-oldrel-macos-arm64 1.5 3.00 13.00 16.00 OK
r-oldrel-macos-x86_64 1.5 3.00 18.00 21.00 OK
r-oldrel-windows-x86_64 1.5 5.00 42.00 47.00 OK

Check Details

Version: 1.5
Check: CRAN incoming feasibility
Result: NOTE Maintainer: ‘Taylor B. Arnold <[email protected]>’ No Authors@R field in DESCRIPTION. Please add one, modifying Authors@R: person(given = c("Taylor", "B."), family = "Arnold", role = c("aut", "cre"), email = "[email protected]") as necessary. Flavors: r-devel-linux-x86_64-debian-clang, r-devel-linux-x86_64-debian-gcc