CRAN Package Check Results for Package leafSTAR

Last updated on 2025-11-05 07:50:48 CET.

Flavor Version Tinstall Tcheck Ttotal Status Flags
r-devel-linux-x86_64-debian-clang 1.0 2.45 25.06 27.51 NOTE
r-devel-linux-x86_64-debian-gcc 1.0 1.68 19.78 21.46 NOTE
r-devel-linux-x86_64-fedora-clang 1.0 41.28 OK
r-devel-linux-x86_64-fedora-gcc 1.0 37.72 OK
r-devel-windows-x86_64 1.0 3.00 45.00 48.00 OK
r-patched-linux-x86_64 1.0 2.56 23.44 26.00 OK
r-release-linux-x86_64 1.0 2.26 23.66 25.92 OK
r-release-macos-arm64 1.0 1.00 16.00 17.00 OK
r-release-macos-x86_64 1.0 3.00 27.00 30.00 OK
r-release-windows-x86_64 1.0 3.00 44.00 47.00 OK
r-oldrel-macos-arm64 1.0 1.00 15.00 16.00 OK
r-oldrel-macos-x86_64 1.0 2.00 21.00 23.00 OK
r-oldrel-windows-x86_64 1.0 3.00 47.00 50.00 OK

Check Details

Version: 1.0
Check: CRAN incoming feasibility
Result: NOTE Maintainer: ‘Agustina Ventre Lespiaucq <[email protected]>’ No Authors@R field in DESCRIPTION. Please add one, modifying Authors@R: c(person(given = c("Agustina", "Ventre"), family = "Lespiaucq", role = c("aut", "cre"), email = "[email protected]"), person(given = c("Silvia", "Santamaria"), family = "Bueno", role = "aut")) as necessary. Flavors: r-devel-linux-x86_64-debian-clang, r-devel-linux-x86_64-debian-gcc