Last updated on 2025-11-05 07:50:48 CET.
| Flavor | Version | Tinstall | Tcheck | Ttotal | Status | Flags |
|---|---|---|---|---|---|---|
| r-devel-linux-x86_64-debian-clang | 1.24-7 | 11.75 | 20.00 | 31.75 | OK | |
| r-devel-linux-x86_64-debian-gcc | 1.24-7 | 10.67 | 17.02 | 27.69 | OK | |
| r-devel-linux-x86_64-fedora-clang | 1.24-7 | 46.00 | 4.29 | 50.29 | OK | |
| r-devel-linux-x86_64-fedora-gcc | 1.24-7 | 31.00 | 19.65 | 50.65 | OK | |
| r-devel-windows-x86_64 | 1.24-7 | 36.00 | 35.00 | 71.00 | OK | |
| r-patched-linux-x86_64 | 1.24-7 | 12.52 | 17.93 | 30.45 | OK | |
| r-release-linux-x86_64 | 1.24-7 | 12.87 | 17.60 | 30.47 | OK | |
| r-release-macos-arm64 | 1.24-7 | 8.00 | 9.00 | 17.00 | OK | |
| r-release-macos-x86_64 | 1.24-7 | 19.00 | 25.00 | 44.00 | OK | |
| r-release-windows-x86_64 | 1.24-7 | 38.00 | 35.00 | 73.00 | OK | |
| r-oldrel-macos-arm64 | 1.24-7 | 7.00 | 15.00 | 22.00 | NOTE | |
| r-oldrel-macos-x86_64 | 1.24-7 | 17.00 | 24.00 | 41.00 | NOTE | |
| r-oldrel-windows-x86_64 | 1.24-7 | 55.00 | 40.00 | 95.00 | NOTE |
Version: 1.24-7
Check: for GNU extensions in Makefiles
Result: NOTE
GNU make is a SystemRequirements.
Flavors: r-oldrel-macos-arm64, r-oldrel-macos-x86_64, r-oldrel-windows-x86_64