Last updated on 2025-11-05 07:50:49 CET.
| Flavor | Version | Tinstall | Tcheck | Ttotal | Status | Flags |
|---|---|---|---|---|---|---|
| r-devel-linux-x86_64-debian-clang | 0.6.6 | 3.11 | 62.06 | 65.17 | NOTE | |
| r-devel-linux-x86_64-debian-gcc | 0.6.6 | 2.34 | 47.56 | 49.90 | NOTE | |
| r-devel-linux-x86_64-fedora-clang | 0.6.6 | 92.91 | OK | |||
| r-devel-linux-x86_64-fedora-gcc | 0.6.6 | 104.18 | OK | |||
| r-devel-windows-x86_64 | 0.6.6 | 7.00 | 128.00 | 135.00 | OK | |
| r-patched-linux-x86_64 | 0.6.6 | 3.10 | 59.96 | 63.06 | OK | |
| r-release-linux-x86_64 | 0.6.6 | 3.08 | 61.44 | 64.52 | OK | |
| r-release-macos-arm64 | 0.6.6 | 3.00 | 51.00 | 54.00 | OK | |
| r-release-macos-x86_64 | 0.6.6 | 6.00 | 104.00 | 110.00 | OK | |
| r-release-windows-x86_64 | 0.6.6 | 6.00 | 126.00 | 132.00 | OK | |
| r-oldrel-macos-arm64 | 0.6.6 | 3.00 | 41.00 | 44.00 | OK | |
| r-oldrel-macos-x86_64 | 0.6.6 | 4.00 | 66.00 | 70.00 | OK | |
| r-oldrel-windows-x86_64 | 0.6.6 | 5.00 | 137.00 | 142.00 | OK |
Version: 0.6.6
Check: CRAN incoming feasibility
Result: NOTE
Maintainer: ‘Dave Zes <[email protected]>’
No Authors@R field in DESCRIPTION.
Please add one, modifying
Authors@R: person(given = "Dave",
family = "Zes",
role = c("aut", "cre"),
email = "[email protected]")
as necessary.
Flavors: r-devel-linux-x86_64-debian-clang, r-devel-linux-x86_64-debian-gcc