Last updated on 2025-11-05 07:50:49 CET.
| Flavor | Version | Tinstall | Tcheck | Ttotal | Status | Flags |
|---|---|---|---|---|---|---|
| r-devel-linux-x86_64-debian-clang | 1.0.0 | 2.10 | 22.60 | 24.70 | NOTE | |
| r-devel-linux-x86_64-debian-gcc | 1.0.0 | 1.64 | 17.84 | 19.48 | NOTE | |
| r-devel-linux-x86_64-fedora-clang | 1.0.0 | 37.13 | OK | |||
| r-devel-linux-x86_64-fedora-gcc | 1.0.0 | 34.79 | OK | |||
| r-devel-windows-x86_64 | 1.0.0 | 4.00 | 38.00 | 42.00 | OK | |
| r-patched-linux-x86_64 | 1.0.0 | 2.52 | 21.31 | 23.83 | OK | |
| r-release-linux-x86_64 | 1.0.0 | 2.05 | 21.49 | 23.54 | OK | |
| r-release-macos-arm64 | 1.0.0 | 1.00 | 15.00 | 16.00 | OK | |
| r-release-macos-x86_64 | 1.0.0 | 2.00 | 22.00 | 24.00 | OK | |
| r-release-windows-x86_64 | 1.0.0 | 3.00 | 38.00 | 41.00 | OK | |
| r-oldrel-macos-arm64 | 1.0.0 | 1.00 | 14.00 | 15.00 | NOTE | |
| r-oldrel-macos-x86_64 | 1.0.0 | 2.00 | 20.00 | 22.00 | NOTE | |
| r-oldrel-windows-x86_64 | 1.0.0 | 3.00 | 40.00 | 43.00 | NOTE |
Version: 1.0.0
Check: CRAN incoming feasibility
Result: NOTE
Maintainer: ‘Matthew Cefalu <[email protected]>’
No Authors@R field in DESCRIPTION.
Please add one, modifying
Authors@R: person(given = "Matthew",
family = "Cefalu",
role = c("aut", "cre"),
email = "[email protected]")
as necessary.
Flavors: r-devel-linux-x86_64-debian-clang, r-devel-linux-x86_64-debian-gcc
Version: 1.0.0
Check: LazyData
Result: NOTE
'LazyData' is specified without a 'data' directory
Flavors: r-oldrel-macos-arm64, r-oldrel-macos-x86_64, r-oldrel-windows-x86_64