CRAN Package Check Results for Package magree

Last updated on 2025-11-05 07:50:49 CET.

Flavor Version Tinstall Tcheck Ttotal Status Flags
r-devel-linux-x86_64-debian-clang 1.2 3.64 26.98 30.62 NOTE
r-devel-linux-x86_64-debian-gcc 1.2 2.79 22.07 24.86 NOTE
r-devel-linux-x86_64-fedora-clang 1.2 44.82 OK
r-devel-linux-x86_64-fedora-gcc 1.2 57.22 OK
r-devel-windows-x86_64 1.2 7.00 57.00 64.00 OK
r-patched-linux-x86_64 1.2 3.53 25.97 29.50 OK
r-release-linux-x86_64 1.2 3.41 25.77 29.18 OK
r-release-macos-arm64 1.2 3.00 23.00 26.00 OK
r-release-macos-x86_64 1.2 6.00 43.00 49.00 OK
r-release-windows-x86_64 1.2 7.00 56.00 63.00 OK
r-oldrel-macos-arm64 1.2 3.00 21.00 24.00 OK
r-oldrel-macos-x86_64 1.2 4.00 32.00 36.00 OK
r-oldrel-windows-x86_64 1.2 7.00 58.00 65.00 OK

Check Details

Version: 1.2
Check: CRAN incoming feasibility
Result: NOTE Maintainer: ‘Mark Clements <[email protected]>’ No Authors@R field in DESCRIPTION. Please add one, modifying Authors@R: c(person(given = "Mark", family = "Clements", role = c("aut", "cre"), email = "[email protected]"), person(given = "Dianne", family = "O'Connell", role = "aut")) as necessary. Flavors: r-devel-linux-x86_64-debian-clang, r-devel-linux-x86_64-debian-gcc