Last updated on 2025-11-05 07:50:49 CET.
| Flavor | Version | Tinstall | Tcheck | Ttotal | Status | Flags |
|---|---|---|---|---|---|---|
| r-devel-linux-x86_64-debian-clang | 3.3.2 | 11.79 | 56.47 | 68.26 | NOTE | |
| r-devel-linux-x86_64-debian-gcc | 3.3.2 | 7.00 | 37.53 | 44.53 | NOTE | |
| r-devel-linux-x86_64-fedora-clang | 3.3.2 | 26.00 | 81.04 | 107.04 | OK | |
| r-devel-linux-x86_64-fedora-gcc | 3.3.2 | 24.00 | 74.28 | 98.28 | OK | |
| r-devel-windows-x86_64 | 3.3.2 | 10.00 | 67.00 | 77.00 | OK | |
| r-patched-linux-x86_64 | 3.3.2 | 12.28 | 52.56 | 64.84 | OK | |
| r-release-linux-x86_64 | 3.3.2 | 11.03 | 53.44 | 64.47 | OK | |
| r-release-macos-arm64 | 3.3.2 | 5.00 | 22.00 | 27.00 | OK | |
| r-release-macos-x86_64 | 3.3.2 | 15.00 | 57.00 | 72.00 | OK | |
| r-release-windows-x86_64 | 3.3.2 | 12.00 | 65.00 | 77.00 | OK | |
| r-oldrel-macos-arm64 | 3.3.2 | 5.00 | 21.00 | 26.00 | OK | |
| r-oldrel-macos-x86_64 | 3.3.2 | 10.00 | 41.00 | 51.00 | OK | |
| r-oldrel-windows-x86_64 | 3.3.2 | 12.00 | 65.00 | 77.00 | OK |
Version: 3.3.2
Check: CRAN incoming feasibility
Result: NOTE
Maintainer: ‘Andre Berchtold <[email protected]>’
No Authors@R field in DESCRIPTION.
Please add one, modifying
Authors@R: c(person(given = "Ogier",
family = "Maitre",
role = "aut"),
person(given = "Kevin",
family = "Emery",
role = "aut"),
person(given = c("with", "contributions", "from", "Oliver"),
family = "Buschor",
role = "aut"),
person(given = "Andre",
family = "Berchtold",
role = c("aut", "cre"),
email = "[email protected]"))
as necessary.
Flavors: r-devel-linux-x86_64-debian-clang, r-devel-linux-x86_64-debian-gcc