CRAN Package Check Results for Package mcwr

Last updated on 2025-11-05 07:50:49 CET.

Flavor Version Tinstall Tcheck Ttotal Status Flags
r-devel-linux-x86_64-debian-clang 1.0.0 2.34 22.08 24.42 OK
r-devel-linux-x86_64-debian-gcc 1.0.0 2.00 17.92 19.92 OK
r-devel-linux-x86_64-fedora-clang 1.0.0 36.67 OK
r-devel-linux-x86_64-fedora-gcc 1.0.0 34.45 OK
r-devel-windows-x86_64 1.0.0 5.00 37.00 42.00 OK
r-patched-linux-x86_64 1.0.0 2.32 21.16 23.48 OK
r-release-linux-x86_64 1.0.0 2.28 21.37 23.65 OK
r-release-macos-arm64 1.0.0 2.00 13.00 15.00 OK
r-release-macos-x86_64 1.0.0 2.00 22.00 24.00 OK
r-release-windows-x86_64 1.0.0 3.00 36.00 39.00 OK
r-oldrel-macos-arm64 1.0.0 1.00 13.00 14.00 NOTE
r-oldrel-macos-x86_64 1.0.0 2.00 21.00 23.00 NOTE
r-oldrel-windows-x86_64 1.0.0 3.00 38.00 41.00 NOTE

Check Details

Version: 1.0.0
Check: LazyData
Result: NOTE 'LazyData' is specified without a 'data' directory Flavors: r-oldrel-macos-arm64, r-oldrel-macos-x86_64, r-oldrel-windows-x86_64