CRAN Package Check Results for Package memify

Last updated on 2025-11-05 07:50:49 CET.

Flavor Version Tinstall Tcheck Ttotal Status Flags
r-devel-linux-x86_64-debian-clang 0.1.1 1.41 20.05 21.46 NOTE
r-devel-linux-x86_64-debian-gcc 0.1.1 1.39 16.57 17.96 NOTE
r-devel-linux-x86_64-fedora-clang 0.1.1 31.27 OK
r-devel-linux-x86_64-fedora-gcc 0.1.1 30.47 OK
r-devel-windows-x86_64 0.1.1 2.00 43.00 45.00 OK
r-patched-linux-x86_64 0.1.1 1.63 18.93 20.56 OK
r-release-linux-x86_64 0.1.1 1.48 19.20 20.68 OK
r-release-macos-arm64 0.1.1 1.00 28.00 29.00 OK
r-release-macos-x86_64 0.1.1 1.00 24.00 25.00 OK
r-release-windows-x86_64 0.1.1 3.00 43.00 46.00 OK
r-oldrel-macos-arm64 0.1.1 1.00 13.00 14.00 NOTE
r-oldrel-macos-x86_64 0.1.1 1.00 19.00 20.00 NOTE
r-oldrel-windows-x86_64 0.1.1 2.00 44.00 46.00 NOTE

Check Details

Version: 0.1.1
Check: CRAN incoming feasibility
Result: NOTE Maintainer: ‘Bert Gunter <[email protected]>’ No Authors@R field in DESCRIPTION. Please add one, modifying Authors@R: person(given = "Bert", family = "Gunter", role = c("aut", "cre"), email = "[email protected]") as necessary. Flavors: r-devel-linux-x86_64-debian-clang, r-devel-linux-x86_64-debian-gcc

Version: 0.1.1
Check: LazyData
Result: NOTE 'LazyData' is specified without a 'data' directory Flavors: r-oldrel-macos-arm64, r-oldrel-macos-x86_64, r-oldrel-windows-x86_64