Last updated on 2025-11-05 07:50:49 CET.
| Flavor | Version | Tinstall | Tcheck | Ttotal | Status | Flags |
|---|---|---|---|---|---|---|
| r-devel-linux-x86_64-debian-clang | 0.3.1 | 3.80 | 23.63 | 27.43 | NOTE | |
| r-devel-linux-x86_64-debian-gcc | 0.3.1 | 3.11 | 19.38 | 22.49 | NOTE | |
| r-devel-linux-x86_64-fedora-clang | 0.3.1 | 40.34 | OK | |||
| r-devel-linux-x86_64-fedora-gcc | 0.3.1 | 38.51 | OK | |||
| r-devel-windows-x86_64 | 0.3.1 | 8.00 | 50.00 | 58.00 | OK | |
| r-patched-linux-x86_64 | 0.3.1 | 3.81 | 22.48 | 26.29 | OK | |
| r-release-linux-x86_64 | 0.3.1 | 3.54 | 22.42 | 25.96 | OK | |
| r-release-macos-arm64 | 0.3.1 | 4.00 | 22.00 | 26.00 | OK | |
| r-release-macos-x86_64 | 0.3.1 | 5.00 | 25.00 | 30.00 | OK | |
| r-release-windows-x86_64 | 0.3.1 | 9.00 | 48.00 | 57.00 | OK | |
| r-oldrel-macos-arm64 | 0.3.1 | 3.00 | 15.00 | 18.00 | OK | |
| r-oldrel-macos-x86_64 | 0.3.1 | 4.00 | 22.00 | 26.00 | OK | |
| r-oldrel-windows-x86_64 | 0.3.1 | 7.00 | 50.00 | 57.00 | OK |
Version: 0.3.1
Check: CRAN incoming feasibility
Result: NOTE
Maintainer: ‘Adam L. Pintar <[email protected]>’
No Authors@R field in DESCRIPTION.
Please add one, modifying
Authors@R: c(person(given = c("Adam", "L."),
family = "Pintar",
role = c("aut", "cre"),
email = "[email protected]"),
person(given = c("Zachary", "H."),
family = "Levine",
role = "aut"))
as necessary.
Flavors: r-devel-linux-x86_64-debian-clang, r-devel-linux-x86_64-debian-gcc