Last updated on 2025-11-05 07:50:50 CET.
| Flavor | Version | Tinstall | Tcheck | Ttotal | Status | Flags |
|---|---|---|---|---|---|---|
| r-devel-linux-x86_64-debian-clang | 0.8-1 | 2.65 | 28.23 | 30.88 | NOTE | |
| r-devel-linux-x86_64-debian-gcc | 0.8-1 | 3.13 | 29.81 | 32.94 | NOTE | |
| r-devel-linux-x86_64-fedora-clang | 0.8-1 | 46.87 | OK | |||
| r-devel-linux-x86_64-fedora-gcc | 0.8-1 | 44.75 | OK | |||
| r-devel-windows-x86_64 | 0.8-1 | 5.00 | 42.00 | 47.00 | OK | |
| r-patched-linux-x86_64 | 0.8-1 | 2.13 | 20.89 | 23.02 | OK | |
| r-release-linux-x86_64 | 0.8-1 | 2.07 | 20.77 | 22.84 | OK | |
| r-release-macos-arm64 | 0.8-1 | 2.00 | 34.00 | 36.00 | OK | |
| r-release-macos-x86_64 | 0.8-1 | 4.00 | 38.00 | 42.00 | OK | |
| r-release-windows-x86_64 | 0.8-1 | 3.00 | 42.00 | 45.00 | OK | |
| r-oldrel-macos-arm64 | 0.8-1 | 2.00 | 21.00 | 23.00 | OK | |
| r-oldrel-macos-x86_64 | 0.8-1 | 2.00 | 23.00 | 25.00 | OK | |
| r-oldrel-windows-x86_64 | 0.8-1 | 3.00 | 41.00 | 44.00 | OK |
Version: 0.8-1
Check: CRAN incoming feasibility
Result: NOTE
Maintainer: ‘Jorge Luis Ojeda Cabrera <[email protected]>’
No Authors@R field in DESCRIPTION.
Please add one, modifying
Authors@R: person(given = c("Jorge", "Luis", "Ojeda"),
family = "Cabrera",
role = c("aut", "cre"),
email = "[email protected]")
as necessary.
Found the following \keyword or \concept entries
which likely give several index terms:
File ‘makeWidgetCmd.Rd’:
\keyword{
utilities
misc
}
File ‘mapFuncToWidget.Rd’:
\keyword{
utilities
misc
}
File ‘miniGUI.Rd’:
\keyword{
utilities
misc
}
File ‘miniGUIhelpers.Rd’:
\keyword{
utilities
misc
}
File ‘miniGUIinputWidget.Rd’:
\keyword{
utilities
misc
}
Flavors: r-devel-linux-x86_64-debian-clang, r-devel-linux-x86_64-debian-gcc