CRAN Package Check Results for Package mmeln

Last updated on 2025-11-05 07:50:50 CET.

Flavor Version Tinstall Tcheck Ttotal Status Flags
r-devel-linux-x86_64-debian-clang 1.5 4.25 33.01 37.26 NOTE
r-devel-linux-x86_64-debian-gcc 1.5 3.02 23.90 26.92 NOTE
r-devel-linux-x86_64-fedora-clang 1.5 12.00 46.92 58.92 NOTE
r-devel-linux-x86_64-fedora-gcc 1.5 10.00 44.26 54.26 NOTE
r-devel-windows-x86_64 1.5 7.00 43.00 50.00 NOTE
r-patched-linux-x86_64 1.5 4.19 31.06 35.25 NOTE
r-release-linux-x86_64 1.5 4.65 30.56 35.21 NOTE
r-release-macos-arm64 1.5 2.00 17.00 19.00 NOTE
r-release-macos-x86_64 1.5 4.00 29.00 33.00 NOTE
r-release-windows-x86_64 1.5 6.00 43.00 49.00 NOTE
r-oldrel-macos-arm64 1.5 2.00 15.00 17.00 NOTE
r-oldrel-macos-x86_64 1.5 3.00 25.00 28.00 NOTE
r-oldrel-windows-x86_64 1.5 5.00 45.00 50.00 NOTE

Check Details

Version: 1.5
Check: CRAN incoming feasibility
Result: NOTE Maintainer: ‘Charles-Edouard Giguere <[email protected]>’ No Authors@R field in DESCRIPTION. Please add one, modifying Authors@R: person(given = "Charles-Edouard", family = "Giguere", role = c("aut", "cre"), email = "[email protected]") as necessary. Flavors: r-devel-linux-x86_64-debian-clang, r-devel-linux-x86_64-debian-gcc

Version: 1.5
Check: Rd files
Result: NOTE checkRd: (-1) mmeln.Rd:69: Lost braces; missing escapes or markup? 69 | \item{obj$M}{Number of total observations sum_{i=1}^N(pi)} | ^ Flavors: r-devel-linux-x86_64-debian-clang, r-devel-linux-x86_64-debian-gcc, r-devel-linux-x86_64-fedora-clang, r-devel-linux-x86_64-fedora-gcc, r-devel-windows-x86_64, r-patched-linux-x86_64, r-release-linux-x86_64, r-release-macos-arm64, r-release-macos-x86_64, r-release-windows-x86_64, r-oldrel-macos-arm64, r-oldrel-macos-x86_64, r-oldrel-windows-x86_64