Last updated on 2025-11-05 07:50:50 CET.
| Flavor | Version | Tinstall | Tcheck | Ttotal | Status | Flags |
|---|---|---|---|---|---|---|
| r-devel-linux-x86_64-debian-clang | 0.1.0 | 1.57 | 17.39 | 18.96 | NOTE | |
| r-devel-linux-x86_64-debian-gcc | 0.1.0 | 1.25 | 14.69 | 15.94 | NOTE | |
| r-devel-linux-x86_64-fedora-clang | 0.1.0 | 27.61 | OK | |||
| r-devel-linux-x86_64-fedora-gcc | 0.1.0 | 26.02 | OK | |||
| r-devel-windows-x86_64 | 0.1.0 | 4.00 | 31.00 | 35.00 | OK | |
| r-patched-linux-x86_64 | 0.1.0 | 1.18 | 16.29 | 17.47 | OK | |
| r-release-linux-x86_64 | 0.1.0 | 1.39 | 16.20 | 17.59 | OK | |
| r-release-macos-arm64 | 0.1.0 | 1.00 | 13.00 | 14.00 | OK | |
| r-release-macos-x86_64 | 0.1.0 | 2.00 | 19.00 | 21.00 | OK | |
| r-release-windows-x86_64 | 0.1.0 | 4.00 | 31.00 | 35.00 | OK | |
| r-oldrel-macos-arm64 | 0.1.0 | 1.00 | 12.00 | 13.00 | NOTE | |
| r-oldrel-macos-x86_64 | 0.1.0 | 1.00 | 17.00 | 18.00 | NOTE | |
| r-oldrel-windows-x86_64 | 0.1.0 | 2.00 | 34.00 | 36.00 | NOTE |
Version: 0.1.0
Check: CRAN incoming feasibility
Result: NOTE
Maintainer: ‘Steve Condylios <[email protected]>’
No Authors@R field in DESCRIPTION.
Please add one, modifying
Authors@R: person(given = "Steve",
family = "Condylios",
role = c("aut", "cre", "cph"),
email = "[email protected]",
comment = c(ORCID = "0000-0003-0599-844X"))
as necessary.
Flavors: r-devel-linux-x86_64-debian-clang, r-devel-linux-x86_64-debian-gcc
Version: 0.1.0
Check: LazyData
Result: NOTE
'LazyData' is specified without a 'data' directory
Flavors: r-oldrel-macos-arm64, r-oldrel-macos-x86_64, r-oldrel-windows-x86_64