CRAN Package Check Results for Package modTurPoint

Last updated on 2025-11-05 07:50:50 CET.

Flavor Version Tinstall Tcheck Ttotal Status Flags
r-devel-linux-x86_64-debian-clang 0.1.0 1.62 18.55 20.17 NOTE
r-devel-linux-x86_64-debian-gcc 0.1.0 1.34 16.29 17.63 NOTE
r-devel-linux-x86_64-fedora-clang 0.1.0 30.16 OK
r-devel-linux-x86_64-fedora-gcc 0.1.0 28.53 OK
r-devel-windows-x86_64 0.1.0 2.00 37.00 39.00 OK
r-patched-linux-x86_64 0.1.0 1.50 17.81 19.31 OK
r-release-linux-x86_64 0.1.0 1.62 17.81 19.43 OK
r-release-macos-arm64 0.1.0 1.00 16.00 17.00 OK
r-release-macos-x86_64 0.1.0 2.00 21.00 23.00 OK
r-release-windows-x86_64 0.1.0 4.00 36.00 40.00 OK
r-oldrel-macos-arm64 0.1.0 1.00 13.00 14.00 OK
r-oldrel-macos-x86_64 0.1.0 1.00 18.00 19.00 OK
r-oldrel-windows-x86_64 0.1.0 2.00 38.00 40.00 OK

Check Details

Version: 0.1.0
Check: CRAN incoming feasibility
Result: NOTE Maintainer: ‘Yongbo Gan <[email protected]>’ No Authors@R field in DESCRIPTION. Please add one, modifying Authors@R: c(person(given = "Yongbo", family = "Gan", role = c("aut", "cre"), email = "[email protected]"), person(given = "Zhijian", family = "Yang", role = "aut"), person(given = "Wei", family = "Mei", role = "aut")) as necessary. Flavors: r-devel-linux-x86_64-debian-clang, r-devel-linux-x86_64-debian-gcc