Last updated on 2025-11-05 07:50:50 CET.
| Flavor | Version | Tinstall | Tcheck | Ttotal | Status | Flags |
|---|---|---|---|---|---|---|
| r-devel-linux-x86_64-debian-clang | 1.2 | 4.27 | 38.99 | 43.26 | NOTE | |
| r-devel-linux-x86_64-debian-gcc | 1.2 | 2.84 | 27.50 | 30.34 | NOTE | |
| r-devel-linux-x86_64-fedora-clang | 1.2 | 62.86 | OK | |||
| r-devel-linux-x86_64-fedora-gcc | 1.2 | 60.65 | OK | |||
| r-devel-windows-x86_64 | 1.2 | 5.00 | 58.00 | 63.00 | OK | |
| r-patched-linux-x86_64 | 1.2 | 5.21 | 37.05 | 42.26 | OK | |
| r-release-linux-x86_64 | 1.2 | 3.89 | 36.91 | 40.80 | OK | |
| r-release-macos-arm64 | 1.2 | 2.00 | 22.00 | 24.00 | OK | |
| r-release-macos-x86_64 | 1.2 | 4.00 | 46.00 | 50.00 | OK | |
| r-release-windows-x86_64 | 1.2 | 5.00 | 57.00 | 62.00 | OK | |
| r-oldrel-macos-arm64 | 1.2 | 2.00 | 17.00 | 19.00 | OK | |
| r-oldrel-macos-x86_64 | 1.2 | 4.00 | 37.00 | 41.00 | OK | |
| r-oldrel-windows-x86_64 | 1.2 | 6.00 | 57.00 | 63.00 | OK |
Version: 1.2
Check: CRAN incoming feasibility
Result: NOTE
Maintainer: ‘David Magis <[email protected]>’
No Authors@R field in DESCRIPTION.
Please add one, modifying
Authors@R: c(person(given = "David",
family = "Magis",
role = c("aut", "cre"),
email = "[email protected]",
comment = "U Liege, Belgium"),
person(given = "Duanli",
family = "Yan",
role = "aut",
comment = "ETS, USA"),
person(given = "Alina",
family = "von Davier",
role = "aut",
comment = "ACTNext, USA"))
as necessary.
Flavors: r-devel-linux-x86_64-debian-clang, r-devel-linux-x86_64-debian-gcc