CRAN Package Check Results for Package muckrock

Last updated on 2025-11-05 07:50:50 CET.

Flavor Version Tinstall Tcheck Ttotal Status Flags
r-devel-linux-x86_64-debian-clang 0.1.0 3.05 18.55 21.60 NOTE
r-devel-linux-x86_64-debian-gcc 0.1.0 2.55 15.78 18.33 NOTE
r-devel-linux-x86_64-fedora-clang 0.1.0 32.02 OK
r-devel-linux-x86_64-fedora-gcc 0.1.0 30.32 OK
r-devel-windows-x86_64 0.1.0 4.00 33.00 37.00 OK
r-patched-linux-x86_64 0.1.0 3.20 17.74 20.94 OK
r-release-linux-x86_64 0.1.0 3.27 17.91 21.18 OK
r-release-macos-arm64 0.1.0 2.00 17.00 19.00 OK
r-release-macos-x86_64 0.1.0 6.00 26.00 32.00 OK
r-release-windows-x86_64 0.1.0 4.00 33.00 37.00 OK
r-oldrel-macos-arm64 0.1.0 2.00 13.00 15.00 OK
r-oldrel-macos-x86_64 0.1.0 4.00 21.00 25.00 OK
r-oldrel-windows-x86_64 0.1.0 5.00 36.00 41.00 OK

Check Details

Version: 0.1.0
Check: CRAN incoming feasibility
Result: NOTE Maintainer: ‘Oliver Keyes <[email protected]>’ No Authors@R field in DESCRIPTION. Please add one, modifying Authors@R: c(person(given = "Oliver", family = "Keyes", role = c("aut", "cre"), email = "[email protected]"), person(given = "MuckRock", family = "Project", role = "cph")) as necessary. The Description field contains the 'MuckRock' (https://www.muckrock.com/) project under the United Please enclose URLs in angle brackets (<...>). Flavors: r-devel-linux-x86_64-debian-clang, r-devel-linux-x86_64-debian-gcc