CRAN Package Check Results for Package multfisher

Last updated on 2025-11-05 07:50:50 CET.

Flavor Version Tinstall Tcheck Ttotal Status Flags
r-devel-linux-x86_64-debian-clang 1.1 2.47 26.74 29.21 NOTE
r-devel-linux-x86_64-debian-gcc 1.1 2.18 19.34 21.52 NOTE
r-devel-linux-x86_64-fedora-clang 1.1 44.15 OK
r-devel-linux-x86_64-fedora-gcc 1.1 42.37 OK
r-devel-windows-x86_64 1.1 3.00 49.00 52.00 OK
r-patched-linux-x86_64 1.1 2.88 25.21 28.09 OK
r-release-linux-x86_64 1.1 2.84 25.21 28.05 OK
r-release-macos-arm64 1.1 1.00 19.00 20.00 OK
r-release-macos-x86_64 1.1 3.00 46.00 49.00 OK
r-release-windows-x86_64 1.1 3.00 41.00 44.00 OK
r-oldrel-macos-arm64 1.1 1.00 14.00 15.00 NOTE
r-oldrel-macos-x86_64 1.1 5.00 44.00 49.00 NOTE
r-oldrel-windows-x86_64 1.1 3.00 43.00 46.00 NOTE

Check Details

Version: 1.1
Check: CRAN incoming feasibility
Result: NOTE Maintainer: ‘Robin Ristl <[email protected]>’ Package CITATION file contains call(s) to old-style personList() or as.personList(). Please use c() on person objects instead. Package CITATION file contains call(s) to old-style citEntry(). Please use bibentry() instead. Flavors: r-devel-linux-x86_64-debian-clang, r-devel-linux-x86_64-debian-gcc

Version: 1.1
Check: LazyData
Result: NOTE 'LazyData' is specified without a 'data' directory Flavors: r-oldrel-macos-arm64, r-oldrel-macos-x86_64, r-oldrel-windows-x86_64