CRAN Package Check Results for Package multicastR

Last updated on 2025-11-05 07:50:50 CET.

Flavor Version Tinstall Tcheck Ttotal Status Flags
r-devel-linux-x86_64-debian-clang 2.0.0 1.62 19.46 21.08 NOTE
r-devel-linux-x86_64-debian-gcc 2.0.0 1.45 16.67 18.12 NOTE
r-devel-linux-x86_64-fedora-clang 2.0.0 31.46 OK
r-devel-linux-x86_64-fedora-gcc 2.0.0 29.74 OK
r-devel-windows-x86_64 2.0.0 3.00 35.00 38.00 OK
r-patched-linux-x86_64 2.0.0 1.91 18.87 20.78 OK
r-release-linux-x86_64 2.0.0 1.51 18.69 20.20 OK
r-release-macos-arm64 2.0.0 1.00 15.00 16.00 OK
r-release-macos-x86_64 2.0.0 2.00 28.00 30.00 OK
r-release-windows-x86_64 2.0.0 2.00 35.00 37.00 OK
r-oldrel-macos-arm64 2.0.0 1.00 13.00 14.00 NOTE
r-oldrel-macos-x86_64 2.0.0 2.00 24.00 26.00 NOTE
r-oldrel-windows-x86_64 2.0.0 2.00 36.00 38.00 NOTE

Check Details

Version: 2.0.0
Check: CRAN incoming feasibility
Result: NOTE Maintainer: ‘Nils Norman Schiborr <[email protected]>’ Package CITATION file contains call(s) to old-style personList() or as.personList(). Please use c() on person objects instead. Package CITATION file contains call(s) to old-style citEntry(). Please use bibentry() instead. Flavors: r-devel-linux-x86_64-debian-clang, r-devel-linux-x86_64-debian-gcc

Version: 2.0.0
Check: LazyData
Result: NOTE 'LazyData' is specified without a 'data' directory Flavors: r-oldrel-macos-arm64, r-oldrel-macos-x86_64, r-oldrel-windows-x86_64