Last updated on 2025-11-05 07:50:50 CET.
| Flavor | Version | Tinstall | Tcheck | Ttotal | Status | Flags |
|---|---|---|---|---|---|---|
| r-devel-linux-x86_64-debian-clang | 1.3 | 2.78 | 22.04 | 24.82 | NOTE | |
| r-devel-linux-x86_64-debian-gcc | 1.3 | 2.39 | 17.76 | 20.15 | NOTE | |
| r-devel-linux-x86_64-fedora-clang | 1.3 | 37.90 | OK | |||
| r-devel-linux-x86_64-fedora-gcc | 1.3 | 35.79 | OK | |||
| r-devel-windows-x86_64 | 1.3 | 5.00 | 39.00 | 44.00 | OK | |
| r-patched-linux-x86_64 | 1.3 | 2.90 | 22.03 | 24.93 | OK | |
| r-release-linux-x86_64 | 1.3 | 2.82 | 21.52 | 24.34 | OK | |
| r-release-macos-arm64 | 1.3 | 4.00 | 16.00 | 20.00 | OK | |
| r-release-macos-x86_64 | 1.3 | 5.00 | 33.00 | 38.00 | OK | |
| r-release-windows-x86_64 | 1.3 | 6.00 | 39.00 | 45.00 | OK | |
| r-oldrel-macos-arm64 | 1.3 | 3.00 | 13.00 | 16.00 | OK | |
| r-oldrel-macos-x86_64 | 1.3 | 4.00 | 21.00 | 25.00 | OK | |
| r-oldrel-windows-x86_64 | 1.3 | 6.00 | 40.00 | 46.00 | OK |
Version: 1.3
Check: CRAN incoming feasibility
Result: NOTE
Maintainer: ‘Adam Clark <[email protected]>’
No Authors@R field in DESCRIPTION.
Please add one, modifying
Authors@R: person(given = "Adam",
family = "Clark",
role = c("aut", "cre"),
email = "[email protected]")
as necessary.
Flavors: r-devel-linux-x86_64-debian-clang, r-devel-linux-x86_64-debian-gcc