CRAN Package Check Results for Package mvShapiroTest

Last updated on 2025-11-05 07:50:50 CET.

Flavor Version Tinstall Tcheck Ttotal Status Flags
r-devel-linux-x86_64-debian-clang 1.0 1.46 18.19 19.65 NOTE
r-devel-linux-x86_64-debian-gcc 1.0 1.23 15.24 16.47 NOTE
r-devel-linux-x86_64-fedora-clang 1.0 29.36 OK
r-devel-linux-x86_64-fedora-gcc 1.0 27.73 OK
r-devel-windows-x86_64 1.0 2.00 37.00 39.00 OK
r-patched-linux-x86_64 1.0 1.52 17.52 19.04 OK
r-release-linux-x86_64 1.0 1.53 17.41 18.94 OK
r-release-macos-arm64 1.0 1.00 13.00 14.00 OK
r-release-macos-x86_64 1.0 2.00 22.00 24.00 OK
r-release-windows-x86_64 1.0 2.00 36.00 38.00 OK
r-oldrel-macos-arm64 1.0 1.00 12.00 13.00 OK
r-oldrel-macos-x86_64 1.0 1.00 18.00 19.00 OK
r-oldrel-windows-x86_64 1.0 2.00 37.00 39.00 OK

Check Details

Version: 1.0
Check: CRAN incoming feasibility
Result: NOTE Maintainer: ‘Elizabeth Gonzalez Estrada <[email protected]>’ No Authors@R field in DESCRIPTION. Please add one, modifying Authors@R: c(person(given = "Elizabeth", family = "Gonzalez-Estrada", role = "aut"), person(given = c("Jose", "A."), family = "Villasenor-Alva", role = "aut"), person(given = c("Elizabeth", "Gonzalez"), family = "Estrada", role = "cre", email = "[email protected]")) as necessary. Flavors: r-devel-linux-x86_64-debian-clang, r-devel-linux-x86_64-debian-gcc