CRAN Package Check Results for Package mycobacrvR

Last updated on 2025-11-05 07:50:51 CET.

Flavor Version Tinstall Tcheck Ttotal Status Flags
r-devel-linux-x86_64-debian-clang 1.1 2.55 24.77 27.32 NOTE
r-devel-linux-x86_64-debian-gcc 1.1 2.09 20.02 22.11 NOTE
r-devel-linux-x86_64-fedora-clang 1.1 40.28 OK
r-devel-linux-x86_64-fedora-gcc 1.1 38.37 OK
r-devel-windows-x86_64 1.1 6.00 42.00 48.00 OK
r-patched-linux-x86_64 1.1 2.91 23.34 26.25 OK
r-release-linux-x86_64 1.1 2.67 23.37 26.04 OK
r-release-macos-arm64 1.1 1.00 15.00 16.00 OK
r-release-macos-x86_64 1.1 3.00 27.00 30.00 OK
r-release-windows-x86_64 1.1 3.00 41.00 44.00 OK
r-oldrel-macos-arm64 1.1 1.00 14.00 15.00 OK
r-oldrel-macos-x86_64 1.1 2.00 20.00 22.00 OK
r-oldrel-windows-x86_64 1.1 3.00 43.00 46.00 OK

Check Details

Version: 1.1
Check: CRAN incoming feasibility
Result: NOTE Maintainer: ‘S. Ramachandran<[email protected]>’ No Authors@R field in DESCRIPTION. Please add one, modifying Authors@R: c(person(given = "Deepika", family = "Kulshreshtha", role = "aut"), person(given = "Rupanjali", family = "Chaudhuri", role = "aut"), person(given = "Surabhi", family = "Seth", role = "aut"), person(given = "S.", family = "Ramachandran", role = c("aut", "cre"), email = "[email protected]")) as necessary. Flavors: r-devel-linux-x86_64-debian-clang, r-devel-linux-x86_64-debian-gcc