Last updated on 2025-11-05 07:50:51 CET.
| Flavor | Version | Tinstall | Tcheck | Ttotal | Status | Flags |
|---|---|---|---|---|---|---|
| r-devel-linux-x86_64-debian-clang | 1.0.2 | 3.33 | 34.79 | 38.12 | NOTE | |
| r-devel-linux-x86_64-debian-gcc | 1.0.2 | 2.22 | 25.05 | 27.27 | NOTE | |
| r-devel-linux-x86_64-fedora-clang | 1.0.2 | 55.33 | OK | |||
| r-devel-linux-x86_64-fedora-gcc | 1.0.2 | 52.39 | OK | |||
| r-devel-windows-x86_64 | 1.0.2 | 3.00 | 51.00 | 54.00 | OK | |
| r-patched-linux-x86_64 | 1.0.2 | 3.72 | 32.13 | 35.85 | OK | |
| r-release-linux-x86_64 | 1.0.2 | 2.85 | 31.88 | 34.73 | OK | |
| r-release-macos-arm64 | 1.0.2 | 1.00 | 21.00 | 22.00 | OK | |
| r-release-macos-x86_64 | 1.0.2 | 2.00 | 30.00 | 32.00 | OK | |
| r-release-windows-x86_64 | 1.0.2 | 4.00 | 51.00 | 55.00 | OK | |
| r-oldrel-macos-arm64 | 1.0.2 | 1.00 | 18.00 | 19.00 | OK | |
| r-oldrel-macos-x86_64 | 1.0.2 | 2.00 | 31.00 | 33.00 | OK | |
| r-oldrel-windows-x86_64 | 1.0.2 | 4.00 | 53.00 | 57.00 | OK |
Version: 1.0.2
Check: CRAN incoming feasibility
Result: NOTE
Maintainer: ‘Carlos Martinez <[email protected]>’
No Authors@R field in DESCRIPTION.
Please add one, modifying
Authors@R: c(person(given = c("Dr", "Carlos", "Miguel", "Martinez"),
family = "Manrique",
role = "aut"),
person(given = "Carlos",
family = "Martinez",
role = "cre",
email = "[email protected]"))
as necessary.
Flavors: r-devel-linux-x86_64-debian-clang, r-devel-linux-x86_64-debian-gcc