CRAN Package Check Results for Package nice

Last updated on 2025-11-05 07:50:51 CET.

Flavor Version Tinstall Tcheck Ttotal Status Flags
r-devel-linux-x86_64-debian-clang 0.4-2 2.13 17.79 19.92 NOTE
r-devel-linux-x86_64-debian-gcc 0.4-2 1.71 15.18 16.89 NOTE
r-devel-linux-x86_64-fedora-clang 0.4-2 29.04 NOTE
r-devel-linux-x86_64-fedora-gcc 0.4-2 27.69 NOTE
r-patched-linux-x86_64 0.4-2 1.86 16.83 18.69 OK
r-release-linux-x86_64 0.4-2 1.75 16.73 18.48 OK
r-release-macos-arm64 0.4-2 2.00 14.00 16.00 OK
r-release-macos-x86_64 0.4-2 4.00 23.00 27.00 OK
r-oldrel-macos-arm64 0.4-2 2.00 12.00 14.00 OK
r-oldrel-macos-x86_64 0.4-2 3.00 17.00 20.00 OK

Check Details

Version: 0.4-2
Check: CRAN incoming feasibility
Result: NOTE Maintainer: ‘Charles J. Geyer <[email protected]>’ No Authors@R field in DESCRIPTION. Please add one, modifying Authors@R: c(person(given = c("Charles", "J."), family = "Geyer.", role = "aut", email = "[email protected]"), person(given = c("Charles", "J."), family = "Geyer", role = "cre", email = "[email protected]")) as necessary. Flavors: r-devel-linux-x86_64-debian-clang, r-devel-linux-x86_64-debian-gcc

Version: 0.4-2
Check: compiled code
Result: NOTE File ‘nice/libs/nice.so’: Found no calls to: ‘R_registerRoutines’, ‘R_useDynamicSymbols’ It is good practice to register native routines and to disable symbol search. See ‘Writing portable packages’ in the ‘Writing R Extensions’ manual. Flavors: r-devel-linux-x86_64-fedora-clang, r-devel-linux-x86_64-fedora-gcc