Last updated on 2025-11-05 07:50:51 CET.
| Flavor | Version | Tinstall | Tcheck | Ttotal | Status | Flags |
|---|---|---|---|---|---|---|
| r-devel-linux-x86_64-debian-clang | 0.3 | 3.03 | 31.28 | 34.31 | NOTE | |
| r-devel-linux-x86_64-debian-gcc | 0.3 | 1.90 | 23.53 | 25.43 | NOTE | |
| r-devel-linux-x86_64-fedora-clang | 0.3 | 51.44 | OK | |||
| r-devel-linux-x86_64-fedora-gcc | 0.3 | 48.42 | OK | |||
| r-devel-windows-x86_64 | 0.3 | 5.00 | 48.00 | 53.00 | OK | |
| r-patched-linux-x86_64 | 0.3 | 3.12 | 29.12 | 32.24 | OK | |
| r-release-linux-x86_64 | 0.3 | 2.88 | 29.30 | 32.18 | OK | |
| r-release-macos-arm64 | 0.3 | 2.00 | 21.00 | 23.00 | OK | |
| r-release-macos-x86_64 | 0.3 | 3.00 | 42.00 | 45.00 | OK | |
| r-release-windows-x86_64 | 0.3 | 3.00 | 47.00 | 50.00 | OK | |
| r-oldrel-macos-arm64 | 0.3 | 1.00 | 16.00 | 17.00 | OK | |
| r-oldrel-macos-x86_64 | 0.3 | 3.00 | 34.00 | 37.00 | OK | |
| r-oldrel-windows-x86_64 | 0.3 | 3.00 | 49.00 | 52.00 | OK |
Version: 0.3
Check: CRAN incoming feasibility
Result: NOTE
Maintainer: ‘Baidya Nath Mandal <[email protected]>’
No Authors@R field in DESCRIPTION.
Please add one, modifying
Authors@R: c(person(given = c("Baidya", "Nath"),
family = "Mandal",
role = c("aut", "cre"),
email = "[email protected]"),
person(given = "Jun",
family = "Ma",
role = "aut",
email = "[email protected]"))
as necessary.
Flavors: r-devel-linux-x86_64-debian-clang, r-devel-linux-x86_64-debian-gcc