CRAN Package Check Results for Package noweb

Last updated on 2025-11-05 07:50:51 CET.

Flavor Version Tinstall Tcheck Ttotal Status Flags
r-devel-linux-x86_64-debian-clang 1.1-4 2.12 24.98 27.10 NOTE
r-devel-linux-x86_64-debian-gcc 1.1-4 1.60 20.05 21.65 NOTE
r-devel-linux-x86_64-fedora-clang 1.1-4 40.20 OK
r-devel-linux-x86_64-fedora-gcc 1.1-4 52.36 OK
r-devel-windows-x86_64 1.1-4 3.00 46.00 49.00 OK
r-patched-linux-x86_64 1.1-4 1.86 23.77 25.63 OK
r-release-linux-x86_64 1.1-4 2.06 23.89 25.95 OK
r-release-macos-arm64 1.1-4 1.00 27.00 28.00 OK
r-release-macos-x86_64 1.1-4 3.00 47.00 50.00 OK
r-release-windows-x86_64 1.1-4 3.00 48.00 51.00 OK
r-oldrel-macos-arm64 1.1-4 1.00 20.00 21.00 OK
r-oldrel-macos-x86_64 1.1-4 2.00 30.00 32.00 OK
r-oldrel-windows-x86_64 1.1-4 3.00 51.00 54.00 OK

Check Details

Version: 1.1-4
Check: CRAN incoming feasibility
Result: NOTE Maintainer: ‘Terry Therneau <[email protected]>’ No Authors@R field in DESCRIPTION. Please add one, modifying Authors@R: person(given = "Terry", family = "Therneau", role = c("aut", "cre"), email = "[email protected]") as necessary. Flavors: r-devel-linux-x86_64-debian-clang, r-devel-linux-x86_64-debian-gcc