Last updated on 2025-11-05 07:50:51 CET.
| Flavor | Version | Tinstall | Tcheck | Ttotal | Status | Flags |
|---|---|---|---|---|---|---|
| r-devel-linux-x86_64-debian-clang | 4.7 | 2.59 | 25.43 | 28.02 | NOTE | |
| r-devel-linux-x86_64-debian-gcc | 4.7 | 1.86 | 20.14 | 22.00 | NOTE | |
| r-devel-linux-x86_64-fedora-clang | 4.7 | 42.82 | OK | |||
| r-devel-linux-x86_64-fedora-gcc | 4.7 | 39.79 | OK | |||
| r-devel-windows-x86_64 | 4.7 | 4.00 | 40.00 | 44.00 | OK | |
| r-patched-linux-x86_64 | 4.7 | 3.01 | 23.92 | 26.93 | OK | |
| r-release-linux-x86_64 | 4.7 | 2.22 | 24.20 | 26.42 | OK | |
| r-release-macos-arm64 | 4.7 | 2.00 | 17.00 | 19.00 | OK | |
| r-release-macos-x86_64 | 4.7 | 3.00 | 30.00 | 33.00 | OK | |
| r-release-windows-x86_64 | 4.7 | 3.00 | 41.00 | 44.00 | OK | |
| r-oldrel-macos-arm64 | 4.7 | 1.00 | 15.00 | 16.00 | OK | |
| r-oldrel-macos-x86_64 | 4.7 | 2.00 | 21.00 | 23.00 | OK | |
| r-oldrel-windows-x86_64 | 4.7 | 4.00 | 41.00 | 45.00 | OK |
Version: 4.7
Check: CRAN incoming feasibility
Result: NOTE
Maintainer: ‘Daniel E. Weeks <[email protected]>’
No Authors@R field in DESCRIPTION.
Please add one, modifying
Authors@R: c(person(given = c("Robert", "V"),
family = "Baron",
role = "aut",
email = "[email protected]"),
person(given = "Nandita",
family = "Mukhopadhyay",
role = "aut"),
person(given = "Xinyu",
family = "Tang",
role = "aut"),
person(given = c("Daniel", "E."),
family = "Weeks",
role = c("aut", "cre"),
email = "[email protected]"))
as necessary.
Flavors: r-devel-linux-x86_64-debian-clang, r-devel-linux-x86_64-debian-gcc