Last updated on 2025-11-05 07:50:54 CET.
| Flavor | Version | Tinstall | Tcheck | Ttotal | Status | Flags |
|---|---|---|---|---|---|---|
| r-devel-linux-x86_64-debian-clang | 3.1.1 | 3.06 | 21.57 | 24.63 | NOTE | |
| r-devel-linux-x86_64-debian-gcc | 3.1.1 | 2.42 | 17.88 | 20.30 | NOTE | |
| r-devel-linux-x86_64-fedora-clang | 3.1.1 | 36.31 | NOTE | |||
| r-devel-linux-x86_64-fedora-gcc | 3.1.1 | 34.61 | NOTE | |||
| r-devel-windows-x86_64 | 3.1.1 | 7.00 | 39.00 | 46.00 | NOTE | |
| r-patched-linux-x86_64 | 3.1.1 | 3.01 | 20.53 | 23.54 | OK | |
| r-release-linux-x86_64 | 3.1.1 | 2.80 | 20.39 | 23.19 | OK | |
| r-release-macos-arm64 | 3.1.1 | 3.00 | 15.00 | 18.00 | OK | |
| r-release-macos-x86_64 | 3.1.1 | 7.00 | 36.00 | 43.00 | OK | |
| r-release-windows-x86_64 | 3.1.1 | 6.00 | 38.00 | 44.00 | OK | |
| r-oldrel-macos-arm64 | 3.1.1 | 3.00 | 15.00 | 18.00 | OK | |
| r-oldrel-macos-x86_64 | 3.1.1 | 3.00 | 31.00 | 34.00 | OK | |
| r-oldrel-windows-x86_64 | 3.1.1 | 6.00 | 39.00 | 45.00 | OK |
Version: 3.1.1
Check: CRAN incoming feasibility
Result: NOTE
Maintainer: ‘M. S. Islam <[email protected]>’
No Authors@R field in DESCRIPTION.
Please add one, modifying
Authors@R: person(given = c("M.", "S."),
family = "Islam",
role = c("aut", "cre"),
email = "[email protected]")
as necessary.
Flavors: r-devel-linux-x86_64-debian-clang, r-devel-linux-x86_64-debian-gcc
Version: 3.1.1
Check: Rd files
Result: NOTE
checkRd: (-1) pRSR-package.Rd:15-28: Only 2 columns allowed in this table (row 1 has 1)
Flavors: r-devel-linux-x86_64-debian-clang, r-devel-linux-x86_64-debian-gcc, r-devel-linux-x86_64-fedora-clang, r-devel-linux-x86_64-fedora-gcc, r-devel-windows-x86_64
Version: 3.1.1
Check: compiled code
Result: NOTE
File ‘pRSR/libs/pRSR.so’:
Found no calls to: ‘R_registerRoutines’, ‘R_useDynamicSymbols’
It is good practice to register native routines and to disable symbol
search.
See ‘Writing portable packages’ in the ‘Writing R Extensions’ manual.
Flavors: r-devel-linux-x86_64-fedora-clang, r-devel-linux-x86_64-fedora-gcc