CRAN Package Check Results for Package pearson7

Last updated on 2025-11-05 07:50:52 CET.

Flavor Version Tinstall Tcheck Ttotal Status Flags
r-devel-linux-x86_64-debian-clang 1.0-3 1.78 21.47 23.25 NOTE
r-devel-linux-x86_64-debian-gcc 1.0-3 1.39 17.62 19.01 NOTE
r-devel-linux-x86_64-fedora-clang 1.0-3 33.52 OK
r-devel-linux-x86_64-fedora-gcc 1.0-3 30.65 OK
r-devel-windows-x86_64 1.0-3 3.00 48.00 51.00 OK
r-patched-linux-x86_64 1.0-3 1.77 20.41 22.18 OK
r-release-linux-x86_64 1.0-3 1.74 20.55 22.29 OK
r-release-macos-arm64 1.0-3 1.00 14.00 15.00 OK
r-release-macos-x86_64 1.0-3 1.00 23.00 24.00 OK
r-release-windows-x86_64 1.0-3 3.00 42.00 45.00 OK
r-oldrel-macos-arm64 1.0-3 1.00 14.00 15.00 OK
r-oldrel-macos-x86_64 1.0-3 1.00 23.00 24.00 OK
r-oldrel-windows-x86_64 1.0-3 3.00 44.00 47.00 OK

Check Details

Version: 1.0-3
Check: CRAN incoming feasibility
Result: NOTE Maintainer: ‘John Hughes <[email protected]>’ No Authors@R field in DESCRIPTION. Please add one, modifying Authors@R: person(given = "John", family = "Hughes", role = c("aut", "cre"), email = "[email protected]") as necessary. Package CITATION file contains call(s) to old-style personList() or as.personList(). Please use c() on person objects instead. Package CITATION file contains call(s) to old-style citEntry(). Please use bibentry() instead. Flavors: r-devel-linux-x86_64-debian-clang, r-devel-linux-x86_64-debian-gcc