CRAN Package Check Results for Package phiDelta

Last updated on 2025-11-05 07:50:52 CET.

Flavor Version Tinstall Tcheck Ttotal Status Flags
r-devel-linux-x86_64-debian-clang 1.0.1 2.01 23.88 25.89 NOTE
r-devel-linux-x86_64-debian-gcc 1.0.1 1.67 18.93 20.60 NOTE
r-devel-linux-x86_64-fedora-clang 1.0.1 37.67 OK
r-devel-linux-x86_64-fedora-gcc 1.0.1 35.27 OK
r-devel-windows-x86_64 1.0.1 3.00 46.00 49.00 OK
r-patched-linux-x86_64 1.0.1 2.30 22.67 24.97 OK
r-release-linux-x86_64 1.0.1 2.00 22.61 24.61 OK
r-release-macos-arm64 1.0.1 2.00 16.00 18.00 OK
r-release-macos-x86_64 1.0.1 2.00 23.00 25.00 OK
r-release-windows-x86_64 1.0.1 3.00 46.00 49.00 OK
r-oldrel-macos-arm64 1.0.1 1.00 15.00 16.00 OK
r-oldrel-macos-x86_64 1.0.1 2.00 20.00 22.00 OK
r-oldrel-windows-x86_64 1.0.1 3.00 47.00 50.00 OK

Check Details

Version: 1.0.1
Check: CRAN incoming feasibility
Result: NOTE Maintainer: ‘Ursula Neumann <[email protected]>’ No Authors@R field in DESCRIPTION. Please add one, modifying Authors@R: c(person(given = "Nikolas", family = "Rothe", role = "aut"), person(given = "Ursula", family = "Neumann", role = c("aut", "cre"), email = "[email protected]")) as necessary. Flavors: r-devel-linux-x86_64-debian-clang, r-devel-linux-x86_64-debian-gcc