CRAN Package Check Results for Package phuassess

Last updated on 2025-11-05 07:50:53 CET.

Flavor Version Tinstall Tcheck Ttotal Status Flags
r-devel-linux-x86_64-debian-clang 1.1 1.73 22.43 24.16 NOTE
r-devel-linux-x86_64-debian-gcc 1.1 1.45 17.71 19.16 NOTE
r-devel-linux-x86_64-fedora-clang 1.1 36.00 OK
r-devel-linux-x86_64-fedora-gcc 1.1 33.53 OK
r-devel-windows-x86_64 1.1 3.00 40.00 43.00 OK
r-patched-linux-x86_64 1.1 1.84 21.15 22.99 OK
r-release-linux-x86_64 1.1 1.75 21.19 22.94 OK
r-release-macos-arm64 1.1 1.00 16.00 17.00 OK
r-release-macos-x86_64 1.1 2.00 31.00 33.00 OK
r-release-windows-x86_64 1.1 3.00 39.00 42.00 OK
r-oldrel-macos-arm64 1.1 1.00 15.00 16.00 OK
r-oldrel-macos-x86_64 1.1 2.00 29.00 31.00 OK
r-oldrel-windows-x86_64 1.1 3.00 40.00 43.00 OK

Check Details

Version: 1.1
Check: CRAN incoming feasibility
Result: NOTE Maintainer: ‘Caterina Pisani <[email protected]>’ No Authors@R field in DESCRIPTION. Please add one, modifying Authors@R: person(given = "Caterina", family = "Pisani", role = c("aut", "cre"), email = "[email protected]") as necessary. Flavors: r-devel-linux-x86_64-debian-clang, r-devel-linux-x86_64-debian-gcc