Last updated on 2025-11-05 07:50:53 CET.
| Flavor | Version | Tinstall | Tcheck | Ttotal | Status | Flags |
|---|---|---|---|---|---|---|
| r-devel-linux-x86_64-debian-clang | 0.3-2 | 2.36 | 18.81 | 21.17 | NOTE | |
| r-devel-linux-x86_64-debian-gcc | 0.3-2 | 2.02 | 15.50 | 17.52 | NOTE | |
| r-devel-linux-x86_64-fedora-clang | 0.3-2 | 31.52 | OK | |||
| r-devel-linux-x86_64-fedora-gcc | 0.3-2 | 29.96 | OK | |||
| r-devel-windows-x86_64 | 0.3-2 | 6.00 | 37.00 | 43.00 | OK | |
| r-patched-linux-x86_64 | 0.3-2 | 2.36 | 18.05 | 20.41 | OK | |
| r-release-linux-x86_64 | 0.3-2 | 2.19 | 18.00 | 20.19 | OK | |
| r-release-macos-arm64 | 0.3-2 | 3.00 | 14.00 | 17.00 | OK | |
| r-release-macos-x86_64 | 0.3-2 | 4.00 | 22.00 | 26.00 | OK | |
| r-release-windows-x86_64 | 0.3-2 | 5.00 | 36.00 | 41.00 | OK | |
| r-oldrel-macos-arm64 | 0.3-2 | 2.00 | 15.00 | 17.00 | OK | |
| r-oldrel-macos-x86_64 | 0.3-2 | 3.00 | 20.00 | 23.00 | OK | |
| r-oldrel-windows-x86_64 | 0.3-2 | 5.00 | 38.00 | 43.00 | OK |
Version: 0.3-2
Check: CRAN incoming feasibility
Result: NOTE
Maintainer: ‘Charles J. Geyer <[email protected]>’
No Authors@R field in DESCRIPTION.
Please add one, modifying
Authors@R: c(person(given = c("Charles", "J."),
family = "Geyer.",
role = "aut",
email = "[email protected]"),
person(given = c("Charles", "J."),
family = "Geyer",
role = "cre",
email = "[email protected]"))
as necessary.
Flavors: r-devel-linux-x86_64-debian-clang, r-devel-linux-x86_64-debian-gcc