CRAN Package Check Results for Package postinfectious

Last updated on 2025-11-05 07:50:53 CET.

Flavor Version Tinstall Tcheck Ttotal Status Flags
r-devel-linux-x86_64-debian-clang 0.1.0 1.71 25.87 27.58 NOTE
r-devel-linux-x86_64-debian-gcc 0.1.0 1.40 19.79 21.19 NOTE
r-devel-linux-x86_64-fedora-clang 0.1.0 42.25 OK
r-devel-linux-x86_64-fedora-gcc 0.1.0 40.24 OK
r-devel-windows-x86_64 0.1.0 3.00 53.00 56.00 OK
r-patched-linux-x86_64 0.1.0 1.79 24.39 26.18 OK
r-release-linux-x86_64 0.1.0 1.51 24.59 26.10 OK
r-release-macos-arm64 0.1.0 1.00 16.00 17.00 OK
r-release-macos-x86_64 0.1.0 2.00 25.00 27.00 OK
r-release-windows-x86_64 0.1.0 3.00 42.00 45.00 OK
r-oldrel-macos-arm64 0.1.0 1.00 16.00 17.00 NOTE
r-oldrel-macos-x86_64 0.1.0 1.00 23.00 24.00 NOTE
r-oldrel-windows-x86_64 0.1.0 2.00 46.00 48.00 NOTE

Check Details

Version: 0.1.0
Check: CRAN incoming feasibility
Result: NOTE Maintainer: ‘Char Leung <[email protected]>’ No Authors@R field in DESCRIPTION. Please add one, modifying Authors@R: person(given = "Char", family = "Leung", role = c("aut", "cre"), email = "[email protected]") as necessary. Flavors: r-devel-linux-x86_64-debian-clang, r-devel-linux-x86_64-debian-gcc

Version: 0.1.0
Check: LazyData
Result: NOTE 'LazyData' is specified without a 'data' directory Flavors: r-oldrel-macos-arm64, r-oldrel-macos-x86_64, r-oldrel-windows-x86_64