CRAN Package Check Results for Package powerpkg

Last updated on 2025-11-05 07:50:53 CET.

Flavor Version Tinstall Tcheck Ttotal Status Flags
r-devel-linux-x86_64-debian-clang 1.6 3.03 29.41 32.44 NOTE
r-devel-linux-x86_64-debian-gcc 1.6 3.24 29.76 33.00 NOTE
r-devel-linux-x86_64-fedora-clang 1.6 47.34 OK
r-devel-linux-x86_64-fedora-gcc 1.6 45.20 OK
r-devel-windows-x86_64 1.6 3.00 42.00 45.00 OK
r-patched-linux-x86_64 1.6 2.31 21.62 23.93 OK
r-release-linux-x86_64 1.6 1.94 21.88 23.82 OK
r-release-macos-arm64 1.6 2.00 19.00 21.00 OK
r-release-macos-x86_64 1.6 3.00 26.00 29.00 OK
r-release-windows-x86_64 1.6 4.00 42.00 46.00 OK
r-oldrel-macos-arm64 1.6 2.00 14.00 16.00 OK
r-oldrel-macos-x86_64 1.6 2.00 24.00 26.00 OK
r-oldrel-windows-x86_64 1.6 3.00 43.00 46.00 OK

Check Details

Version: 1.6
Check: CRAN incoming feasibility
Result: NOTE Maintainer: ‘Daniel E. Weeks <[email protected]>’ No Authors@R field in DESCRIPTION. Please add one, modifying Authors@R: person(given = c("Daniel", "E."), family = "Weeks", role = c("aut", "cre"), email = "[email protected]") as necessary. Flavors: r-devel-linux-x86_64-debian-clang, r-devel-linux-x86_64-debian-gcc