CRAN Package Check Results for Package prithulib

Last updated on 2025-11-05 07:50:53 CET.

Flavor Version Tinstall Tcheck Ttotal Status Flags
r-devel-linux-x86_64-debian-clang 1.0.2 1.60 17.31 18.91 NOTE
r-devel-linux-x86_64-debian-gcc 1.0.2 1.27 14.39 15.66 NOTE
r-devel-linux-x86_64-fedora-clang 1.0.2 27.69 OK
r-devel-linux-x86_64-fedora-gcc 1.0.2 26.22 OK
r-devel-windows-x86_64 1.0.2 4.00 33.00 37.00 OK
r-patched-linux-x86_64 1.0.2 1.26 16.43 17.69 OK
r-release-linux-x86_64 1.0.2 1.37 16.71 18.08 OK
r-release-macos-arm64 1.0.2 1.00 13.00 14.00 OK
r-release-macos-x86_64 1.0.2 1.00 21.00 22.00 OK
r-release-windows-x86_64 1.0.2 2.00 32.00 34.00 OK
r-oldrel-macos-arm64 1.0.2 1.00 13.00 14.00 NOTE
r-oldrel-macos-x86_64 1.0.2 2.00 19.00 21.00 NOTE
r-oldrel-windows-x86_64 1.0.2 2.00 35.00 37.00 NOTE

Check Details

Version: 1.0.2
Check: CRAN incoming feasibility
Result: NOTE Maintainer: ‘Prithul Chaturvedi <[email protected]>’ No Authors@R field in DESCRIPTION. Please add one, modifying Authors@R: person(given = "Prithul", family = "Chaturvedi", role = c("aut", "cre"), email = "[email protected]") as necessary. Flavors: r-devel-linux-x86_64-debian-clang, r-devel-linux-x86_64-debian-gcc

Version: 1.0.2
Check: LazyData
Result: NOTE 'LazyData' is specified without a 'data' directory Flavors: r-oldrel-macos-arm64, r-oldrel-macos-x86_64, r-oldrel-windows-x86_64