Last updated on 2025-11-05 07:50:54 CET.
| Flavor | Version | Tinstall | Tcheck | Ttotal | Status | Flags |
|---|---|---|---|---|---|---|
| r-devel-linux-x86_64-debian-clang | 1.5 | 1.76 | 19.71 | 21.47 | NOTE | |
| r-devel-linux-x86_64-debian-gcc | 1.5 | 1.49 | 15.96 | 17.45 | NOTE | |
| r-devel-linux-x86_64-fedora-clang | 1.5 | 31.13 | OK | |||
| r-devel-linux-x86_64-fedora-gcc | 1.5 | 29.43 | OK | |||
| r-devel-windows-x86_64 | 1.5 | 4.00 | 35.00 | 39.00 | OK | |
| r-patched-linux-x86_64 | 1.5 | 2.05 | 18.11 | 20.16 | OK | |
| r-release-linux-x86_64 | 1.5 | 1.90 | 18.29 | 20.19 | OK | |
| r-release-macos-arm64 | 1.5 | 1.00 | 15.00 | 16.00 | OK | |
| r-release-macos-x86_64 | 1.5 | 2.00 | 20.00 | 22.00 | OK | |
| r-release-windows-x86_64 | 1.5 | 3.00 | 34.00 | 37.00 | OK | |
| r-oldrel-macos-arm64 | 1.5 | 1.00 | 14.00 | 15.00 | OK | |
| r-oldrel-macos-x86_64 | 1.5 | 1.00 | 18.00 | 19.00 | OK | |
| r-oldrel-windows-x86_64 | 1.5 | 2.00 | 35.00 | 37.00 | OK |
Version: 1.5
Check: CRAN incoming feasibility
Result: NOTE
Maintainer: ‘Minato Nakazawa <[email protected]>’
No Authors@R field in DESCRIPTION.
Please add one, modifying
Authors@R: person(given = "Minato",
family = "Nakazawa",
role = c("aut", "cre"),
email = "[email protected]")
as necessary.
Flavors: r-devel-linux-x86_64-debian-clang, r-devel-linux-x86_64-debian-gcc