Last updated on 2025-11-05 07:50:55 CET.
| Flavor | Version | Tinstall | Tcheck | Ttotal | Status | Flags |
|---|---|---|---|---|---|---|
| r-devel-linux-x86_64-debian-clang | 0.1.0 | 1.61 | 17.55 | 19.16 | NOTE | |
| r-devel-linux-x86_64-debian-gcc | 0.1.0 | 1.36 | 14.67 | 16.03 | NOTE | |
| r-devel-linux-x86_64-fedora-clang | 0.1.0 | 28.05 | OK | |||
| r-devel-linux-x86_64-fedora-gcc | 0.1.0 | 26.64 | OK | |||
| r-devel-windows-x86_64 | 0.1.0 | 3.00 | 33.00 | 36.00 | OK | |
| r-patched-linux-x86_64 | 0.1.0 | 1.61 | 16.34 | 17.95 | OK | |
| r-release-linux-x86_64 | 0.1.0 | 1.50 | 16.67 | 18.17 | OK | |
| r-release-macos-arm64 | 0.1.0 | 1.00 | 14.00 | 15.00 | OK | |
| r-release-macos-x86_64 | 0.1.0 | 1.00 | 26.00 | 27.00 | OK | |
| r-release-windows-x86_64 | 0.1.0 | 3.00 | 31.00 | 34.00 | OK | |
| r-oldrel-macos-arm64 | 0.1.0 | 1.00 | 11.00 | 12.00 | OK | |
| r-oldrel-macos-x86_64 | 0.1.0 | 2.00 | 20.00 | 22.00 | OK | |
| r-oldrel-windows-x86_64 | 0.1.0 | 2.00 | 34.00 | 36.00 | OK |
Version: 0.1.0
Check: CRAN incoming feasibility
Result: NOTE
Maintainer: ‘Mutua Kilai <[email protected]>’
No Authors@R field in DESCRIPTION.
Please add one, modifying
Authors@R: person(given = "Mutua",
family = "Kilai",
role = c("aut", "cre"),
email = "[email protected]")
as necessary.
Flavors: r-devel-linux-x86_64-debian-clang, r-devel-linux-x86_64-debian-gcc