CRAN Package Check Results for Package rTephra

Last updated on 2025-11-05 07:50:56 CET.

Flavor Version Tinstall Tcheck Ttotal Status Flags
r-devel-linux-x86_64-debian-clang 0.1 2.35 23.68 26.03 NOTE
r-devel-linux-x86_64-debian-gcc 0.1 1.88 19.86 21.74 NOTE
r-devel-linux-x86_64-fedora-clang 0.1 40.58 OK
r-devel-linux-x86_64-fedora-gcc 0.1 38.29 OK
r-devel-windows-x86_64 0.1 3.00 47.00 50.00 OK
r-patched-linux-x86_64 0.1 2.56 22.74 25.30 OK
r-release-linux-x86_64 0.1 2.26 22.58 24.84 OK
r-release-macos-arm64 0.1 1.00 17.00 18.00 OK
r-release-macos-x86_64 0.1 3.00 29.00 32.00 OK
r-release-windows-x86_64 0.1 3.00 45.00 48.00 OK
r-oldrel-macos-arm64 0.1 1.00 17.00 18.00 OK
r-oldrel-macos-x86_64 0.1 2.00 24.00 26.00 OK
r-oldrel-windows-x86_64 0.1 5.00 52.00 57.00 OK

Check Details

Version: 0.1
Check: CRAN incoming feasibility
Result: NOTE Maintainer: ‘Jake Anderson <[email protected]>’ No Authors@R field in DESCRIPTION. Please add one, modifying Authors@R: person(given = "Jake", family = "Anderson", role = c("aut", "cre"), email = "[email protected]") as necessary. Flavors: r-devel-linux-x86_64-debian-clang, r-devel-linux-x86_64-debian-gcc