Last updated on 2025-11-05 07:50:54 CET.
| Flavor | Version | Tinstall | Tcheck | Ttotal | Status | Flags |
|---|---|---|---|---|---|---|
| r-devel-linux-x86_64-debian-clang | 1.0.0 | 2.22 | 24.87 | 27.09 | NOTE | |
| r-devel-linux-x86_64-debian-gcc | 1.0.0 | 1.64 | 19.29 | 20.93 | NOTE | |
| r-devel-linux-x86_64-fedora-clang | 1.0.0 | 14.00 | 25.81 | 39.81 | NOTE | |
| r-devel-linux-x86_64-fedora-gcc | 1.0.0 | 36.13 | NOTE | |||
| r-devel-windows-x86_64 | 1.0.0 | 3.00 | 45.00 | 48.00 | NOTE | |
| r-patched-linux-x86_64 | 1.0.0 | 2.81 | 23.29 | 26.10 | NOTE | |
| r-release-linux-x86_64 | 1.0.0 | 2.25 | 23.11 | 25.36 | NOTE | |
| r-release-macos-arm64 | 1.0.0 | 1.00 | 15.00 | 16.00 | NOTE | |
| r-release-macos-x86_64 | 1.0.0 | 2.00 | 23.00 | 25.00 | NOTE | |
| r-release-windows-x86_64 | 1.0.0 | 3.00 | 43.00 | 46.00 | NOTE | |
| r-oldrel-macos-arm64 | 1.0.0 | 1.00 | 15.00 | 16.00 | NOTE | |
| r-oldrel-macos-x86_64 | 1.0.0 | 2.00 | 19.00 | 21.00 | NOTE | |
| r-oldrel-windows-x86_64 | 1.0.0 | 3.00 | 44.00 | 47.00 | NOTE |
Version: 1.0.0
Check: DESCRIPTION meta-information
Result: NOTE
Malformed Description field: should contain one or more complete sentences.
Flavors: r-devel-linux-x86_64-debian-clang, r-devel-linux-x86_64-debian-gcc, r-devel-linux-x86_64-fedora-clang, r-devel-linux-x86_64-fedora-gcc, r-devel-windows-x86_64, r-patched-linux-x86_64, r-release-linux-x86_64, r-release-macos-arm64, r-release-macos-x86_64, r-release-windows-x86_64, r-oldrel-macos-arm64, r-oldrel-macos-x86_64, r-oldrel-windows-x86_64