CRAN Package Check Results for Package randChecks

Last updated on 2025-11-05 07:50:54 CET.

Flavor Version Tinstall Tcheck Ttotal Status Flags
r-devel-linux-x86_64-debian-clang 0.2.1 2.43 31.79 34.22 NOTE
r-devel-linux-x86_64-debian-gcc 0.2.1 1.85 23.12 24.97 NOTE
r-devel-linux-x86_64-fedora-clang 0.2.1 11.00 44.91 55.91 OK
r-devel-linux-x86_64-fedora-gcc 0.2.1 50.62 OK
r-devel-windows-x86_64 0.2.1 4.00 47.00 51.00 OK
r-patched-linux-x86_64 0.2.1 2.90 30.01 32.91 OK
r-release-linux-x86_64 0.2.1 2.40 30.37 32.77 OK
r-release-macos-arm64 0.2.1 1.00 16.00 17.00 OK
r-release-macos-x86_64 0.2.1 2.00 28.00 30.00 OK
r-release-windows-x86_64 0.2.1 3.00 46.00 49.00 OK
r-oldrel-macos-arm64 0.2.1 1.00 17.00 18.00 OK
r-oldrel-macos-x86_64 0.2.1 2.00 24.00 26.00 OK
r-oldrel-windows-x86_64 0.2.1 4.00 46.00 50.00 OK

Check Details

Version: 0.2.1
Check: CRAN incoming feasibility
Result: NOTE Maintainer: ‘Zach Branson <[email protected]>’ No Authors@R field in DESCRIPTION. Please add one, modifying Authors@R: person(given = "Zach", family = "Branson", role = c("aut", "cre"), email = "[email protected]") as necessary. The Description field contains variable. See Branson (2021) <arXiv:1804.08760> for details. Please refer to arXiv e-prints via their arXiv DOI <doi:10.48550/arXiv.YYMM.NNNNN>. Flavors: r-devel-linux-x86_64-debian-clang, r-devel-linux-x86_64-debian-gcc