CRAN Package Check Results for Package randcorr

Last updated on 2025-11-05 07:50:54 CET.

Flavor Version Tinstall Tcheck Ttotal Status Flags
r-devel-linux-x86_64-debian-clang 1.0 1.54 20.77 22.31 NOTE
r-devel-linux-x86_64-debian-gcc 1.0 1.22 17.24 18.46 NOTE
r-devel-linux-x86_64-fedora-clang 1.0 34.04 OK
r-devel-linux-x86_64-fedora-gcc 1.0 31.53 OK
r-devel-windows-x86_64 1.0 3.00 42.00 45.00 OK
r-patched-linux-x86_64 1.0 1.60 20.58 22.18 OK
r-release-linux-x86_64 1.0 1.59 20.38 21.97 OK
r-release-macos-arm64 1.0 1.00 14.00 15.00 OK
r-release-macos-x86_64 1.0 1.00 24.00 25.00 OK
r-release-windows-x86_64 1.0 2.00 40.00 42.00 OK
r-oldrel-macos-arm64 1.0 1.00 14.00 15.00 OK
r-oldrel-macos-x86_64 1.0 1.00 20.00 21.00 OK
r-oldrel-windows-x86_64 1.0 3.00 43.00 46.00 OK

Check Details

Version: 1.0
Check: CRAN incoming feasibility
Result: NOTE Maintainer: ‘Daniel F. Schmidt <[email protected]>’ The Description field contains <arXiv:1809.05212>. Please refer to arXiv e-prints via their arXiv DOI <doi:10.48550/arXiv.YYMM.NNNNN>. Found the following \keyword or \concept entries which likely give several index terms: File ‘randcorr-package.Rd’: \keyword{matrix,} Flavors: r-devel-linux-x86_64-debian-clang, r-devel-linux-x86_64-debian-gcc