CRAN Package Check Results for Package regsubseq

Last updated on 2025-11-05 07:50:55 CET.

Flavor Version Tinstall Tcheck Ttotal Status Flags
r-devel-linux-x86_64-debian-clang 0.12 2.79 20.58 23.37 NOTE
r-devel-linux-x86_64-debian-gcc 0.12 2.34 16.34 18.68 NOTE
r-devel-linux-x86_64-fedora-clang 0.12 34.62 OK
r-devel-linux-x86_64-fedora-gcc 0.12 33.00 OK
r-devel-windows-x86_64 0.12 5.00 36.00 41.00 OK
r-patched-linux-x86_64 0.12 3.13 19.32 22.45 OK
r-release-linux-x86_64 0.12 2.83 19.47 22.30 OK
r-release-macos-arm64 0.12 2.00 13.00 15.00 OK
r-release-macos-x86_64 0.12 3.00 21.00 24.00 OK
r-release-windows-x86_64 0.12 5.00 35.00 40.00 OK
r-oldrel-macos-arm64 0.12 2.00 12.00 14.00 OK
r-oldrel-macos-x86_64 0.12 3.00 18.00 21.00 OK
r-oldrel-windows-x86_64 0.12 6.00 38.00 44.00 OK

Check Details

Version: 0.12
Check: CRAN incoming feasibility
Result: NOTE Maintainer: ‘Yanming Di<[email protected]>’ No Authors@R field in DESCRIPTION. Please add one, modifying Authors@R: person(given = "Yanming", family = "Di", role = c("aut", "cre"), email = "[email protected]") as necessary. Flavors: r-devel-linux-x86_64-debian-clang, r-devel-linux-x86_64-debian-gcc