Last updated on 2025-11-05 07:50:55 CET.
| Flavor | Version | Tinstall | Tcheck | Ttotal | Status | Flags |
|---|---|---|---|---|---|---|
| r-devel-linux-x86_64-debian-clang | 0.1-1 | 6.97 | 43.47 | 50.44 | NOTE | |
| r-devel-linux-x86_64-debian-gcc | 0.1-1 | 4.67 | 30.15 | 34.82 | NOTE | |
| r-devel-linux-x86_64-fedora-clang | 0.1-1 | 19.00 | 59.58 | 78.58 | OK | |
| r-devel-linux-x86_64-fedora-gcc | 0.1-1 | 14.00 | 58.05 | 72.05 | OK | |
| r-devel-windows-x86_64 | 0.1-1 | 8.00 | 56.00 | 64.00 | OK | |
| r-patched-linux-x86_64 | 0.1-1 | 7.35 | 40.98 | 48.33 | OK | |
| r-release-linux-x86_64 | 0.1-1 | 6.59 | 41.47 | 48.06 | OK | |
| r-release-macos-arm64 | 0.1-1 | 3.00 | 18.00 | 21.00 | OK | |
| r-release-macos-x86_64 | 0.1-1 | 5.00 | 36.00 | 41.00 | OK | |
| r-release-windows-x86_64 | 0.1-1 | 7.00 | 56.00 | 63.00 | OK | |
| r-oldrel-macos-arm64 | 0.1-1 | 3.00 | 17.00 | 20.00 | OK | |
| r-oldrel-macos-x86_64 | 0.1-1 | 7.00 | 30.00 | 37.00 | OK | |
| r-oldrel-windows-x86_64 | 0.1-1 | 8.00 | 57.00 | 65.00 | OK |
Version: 0.1-1
Check: CRAN incoming feasibility
Result: NOTE
Maintainer: ‘Miguel F. Acevedo <[email protected]>’
No Authors@R field in DESCRIPTION.
Please add one, modifying
Authors@R: person(given = c("Miguel", "F."),
family = "Acevedo",
role = c("aut", "cre"),
email = "[email protected]")
as necessary.
Flavors: r-devel-linux-x86_64-debian-clang, r-devel-linux-x86_64-debian-gcc