CRAN Package Check Results for Package rocNIT

Last updated on 2025-11-05 07:50:56 CET.

Flavor Version Tinstall Tcheck Ttotal Status Flags
r-devel-linux-x86_64-debian-clang 1.0 1.63 18.23 19.86 NOTE
r-devel-linux-x86_64-debian-gcc 1.0 1.34 15.56 16.90 NOTE
r-devel-linux-x86_64-fedora-clang 1.0 29.49 OK
r-devel-linux-x86_64-fedora-gcc 1.0 28.59 OK
r-devel-windows-x86_64 1.0 3.00 32.00 35.00 OK
r-patched-linux-x86_64 1.0 1.55 17.54 19.09 OK
r-release-linux-x86_64 1.0 1.65 17.44 19.09 OK
r-release-macos-arm64 1.0 1.00 13.00 14.00 OK
r-release-macos-x86_64 1.0 2.00 20.00 22.00 OK
r-release-windows-x86_64 1.0 3.00 32.00 35.00 OK
r-oldrel-macos-arm64 1.0 1.00 13.00 14.00 NOTE
r-oldrel-macos-x86_64 1.0 1.00 17.00 18.00 NOTE
r-oldrel-windows-x86_64 1.0 2.00 35.00 37.00 NOTE

Check Details

Version: 1.0
Check: CRAN incoming feasibility
Result: NOTE Maintainer: ‘Zhicheng Du<[email protected]>’ No Authors@R field in DESCRIPTION. Please add one, modifying Authors@R: c(person(given = "Zhicheng", family = "Du", role = c("aut", "cre"), email = "[email protected]"), person(given = "Yuantao", family = "Hao", role = "aut")) as necessary. Found the following \keyword or \concept entries which likely give several index terms: File ‘rocNIT.Rd’: \keyword{Non-inferiority test, receiver operating [TRUNCATED] Flavors: r-devel-linux-x86_64-debian-clang, r-devel-linux-x86_64-debian-gcc

Version: 1.0
Check: LazyData
Result: NOTE 'LazyData' is specified without a 'data' directory Flavors: r-oldrel-macos-arm64, r-oldrel-macos-x86_64, r-oldrel-windows-x86_64