CRAN Package Check Results for Package rsdepth

Last updated on 2025-11-05 07:50:56 CET.

Flavor Version Tinstall Tcheck Ttotal Status Flags
r-devel-linux-x86_64-debian-clang 0.1-22 6.81 22.28 29.09 NOTE
r-devel-linux-x86_64-debian-gcc 0.1-22 4.10 17.71 21.81 NOTE
r-devel-linux-x86_64-fedora-clang 0.1-22 19.00 30.15 49.15 NOTE
r-devel-linux-x86_64-fedora-gcc 0.1-22 14.00 29.20 43.20 NOTE
r-devel-windows-x86_64 0.1-22 10.00 52.00 62.00 OK
r-patched-linux-x86_64 0.1-22 6.15 21.04 27.19 OK
r-release-linux-x86_64 0.1-22 6.13 20.96 27.09 OK
r-release-macos-arm64 0.1-22 4.00 14.00 18.00 OK
r-release-macos-x86_64 0.1-22 6.00 23.00 29.00 OK
r-release-windows-x86_64 0.1-22 10.00 50.00 60.00 OK
r-oldrel-macos-arm64 0.1-22 4.00 14.00 18.00 OK
r-oldrel-macos-x86_64 0.1-22 7.00 28.00 35.00 OK
r-oldrel-windows-x86_64 0.1-22 10.00 54.00 64.00 OK

Check Details

Version: 0.1-22
Check: CRAN incoming feasibility
Result: NOTE Maintainer: ‘Mudassir Shabbir <[email protected]>’ No Authors@R field in DESCRIPTION. Please add one, modifying Authors@R: c(person(given = "Mudassir", family = "Shabbir", role = c("aut", "cre"), email = "[email protected]"), person(given = "Nabil", family = "Mustafa", role = "aut"), person(given = "Saurabh", family = "Ray", role = "aut")) as necessary. Flavors: r-devel-linux-x86_64-debian-clang, r-devel-linux-x86_64-debian-gcc

Version: 0.1-22
Check: compiled code
Result: NOTE File ‘rsdepth/libs/rsdepth.so’: Found no calls to: ‘R_registerRoutines’, ‘R_useDynamicSymbols’ It is good practice to register native routines and to disable symbol search. See ‘Writing portable packages’ in the ‘Writing R Extensions’ manual. Flavors: r-devel-linux-x86_64-fedora-clang, r-devel-linux-x86_64-fedora-gcc