Last updated on 2025-11-05 07:50:56 CET.
| Flavor | Version | Tinstall | Tcheck | Ttotal | Status | Flags |
|---|---|---|---|---|---|---|
| r-devel-linux-x86_64-debian-clang | 1.0.0 | 1.60 | 18.83 | 20.43 | NOTE | |
| r-devel-linux-x86_64-debian-gcc | 1.0.0 | 1.39 | 16.01 | 17.40 | NOTE | |
| r-devel-linux-x86_64-fedora-clang | 1.0.0 | 28.36 | OK | |||
| r-devel-linux-x86_64-fedora-gcc | 1.0.0 | 27.87 | OK | |||
| r-devel-windows-x86_64 | 1.0.0 | 3.00 | 33.00 | 36.00 | OK | |
| r-patched-linux-x86_64 | 1.0.0 | 1.64 | 16.79 | 18.43 | OK | |
| r-release-linux-x86_64 | 1.0.0 | 1.68 | 16.85 | 18.53 | OK | |
| r-release-macos-arm64 | 1.0.0 | 1.00 | 14.00 | 15.00 | OK | |
| r-release-macos-x86_64 | 1.0.0 | 1.00 | 29.00 | 30.00 | OK | |
| r-release-windows-x86_64 | 1.0.0 | 3.00 | 32.00 | 35.00 | OK | |
| r-oldrel-macos-arm64 | 1.0.0 | 1.00 | 12.00 | 13.00 | OK | |
| r-oldrel-macos-x86_64 | 1.0.0 | 1.00 | 20.00 | 21.00 | OK | |
| r-oldrel-windows-x86_64 | 1.0.0 | 3.00 | 35.00 | 38.00 | OK |
Version: 1.0.0
Check: CRAN incoming feasibility
Result: NOTE
Maintainer: ‘Tomas Okal <[email protected]>’
No Authors@R field in DESCRIPTION.
Please add one, modifying
Authors@R: person(given = "Tomas",
family = "Okal",
role = c("aut", "cre"),
email = "[email protected]")
as necessary.
Flavors: r-devel-linux-x86_64-debian-clang, r-devel-linux-x86_64-debian-gcc