Last updated on 2025-11-05 07:50:56 CET.
| Flavor | Version | Tinstall | Tcheck | Ttotal | Status | Flags |
|---|---|---|---|---|---|---|
| r-devel-linux-x86_64-debian-clang | 4.0.2 | 11.90 | 41.01 | 52.91 | NOTE | |
| r-devel-linux-x86_64-debian-gcc | 4.0.2 | 8.86 | 30.51 | 39.37 | NOTE | |
| r-devel-linux-x86_64-fedora-clang | 4.0.2 | 23.00 | 56.94 | 79.94 | NOTE | |
| r-devel-linux-x86_64-fedora-gcc | 4.0.2 | 25.00 | 53.52 | 78.52 | NOTE | |
| r-devel-windows-x86_64 | 4.0.2 | 21.00 | 60.00 | 81.00 | NOTE | |
| r-patched-linux-x86_64 | 4.0.2 | 11.77 | 39.53 | 51.30 | OK | |
| r-release-linux-x86_64 | 4.0.2 | 10.93 | 39.24 | 50.17 | OK | |
| r-release-macos-arm64 | 4.0.2 | 7.00 | 22.00 | 29.00 | OK | |
| r-release-macos-x86_64 | 4.0.2 | 7.00 | 36.00 | 43.00 | OK | |
| r-release-windows-x86_64 | 4.0.2 | 20.00 | 58.00 | 78.00 | OK | |
| r-oldrel-macos-arm64 | 4.0.2 | 6.00 | 20.00 | 26.00 | OK | |
| r-oldrel-macos-x86_64 | 4.0.2 | 11.00 | 43.00 | 54.00 | OK | |
| r-oldrel-windows-x86_64 | 4.0.2 | 20.00 | 60.00 | 80.00 | OK |
Version: 4.0.2
Check: Rd files
Result: NOTE
checkRd: (-1) samonGenIM.Rd:99-108: Only 6 columns allowed in this table (row 4 has 3)
checkRd: (-1) samonGenIM.Rd:99-108: Only 6 columns allowed in this table (row 5 has 3)
checkRd: (-1) samonevalIM.Rd:59-68: Only 6 columns allowed in this table (row 4 has 3)
checkRd: (-1) samonevalIM.Rd:59-68: Only 6 columns allowed in this table (row 5 has 3)
Flavors: r-devel-linux-x86_64-debian-clang, r-devel-linux-x86_64-debian-gcc, r-devel-linux-x86_64-fedora-clang, r-devel-linux-x86_64-fedora-gcc, r-devel-windows-x86_64