Last updated on 2025-11-05 07:50:57 CET.
| Flavor | Version | Tinstall | Tcheck | Ttotal | Status | Flags |
|---|---|---|---|---|---|---|
| r-devel-linux-x86_64-debian-clang | 0.1.1 | 3.96 | 19.96 | 23.92 | NOTE | |
| r-devel-linux-x86_64-debian-gcc | 0.1.1 | 2.56 | 16.70 | 19.26 | NOTE | |
| r-devel-linux-x86_64-fedora-clang | 0.1.1 | 31.91 | OK | |||
| r-devel-linux-x86_64-fedora-gcc | 0.1.1 | 31.08 | OK | |||
| r-devel-windows-x86_64 | 0.1.1 | 8.00 | 35.00 | 43.00 | OK | |
| r-patched-linux-x86_64 | 0.1.1 | 3.12 | 17.28 | 20.40 | OK | |
| r-release-linux-x86_64 | 0.1.1 | 3.18 | 17.26 | 20.44 | OK | |
| r-release-macos-arm64 | 0.1.1 | 3.00 | 13.00 | 16.00 | OK | |
| r-release-macos-x86_64 | 0.1.1 | 4.00 | 20.00 | 24.00 | OK | |
| r-release-windows-x86_64 | 0.1.1 | 7.00 | 35.00 | 42.00 | OK | |
| r-oldrel-macos-arm64 | 0.1.1 | 2.00 | 13.00 | 15.00 | OK | |
| r-oldrel-macos-x86_64 | 0.1.1 | 4.00 | 19.00 | 23.00 | OK | |
| r-oldrel-windows-x86_64 | 0.1.1 | 7.00 | 37.00 | 44.00 | OK |
Version: 0.1.1
Check: CRAN incoming feasibility
Result: NOTE
Maintainer: ‘Dirk Eddelbuettel <[email protected]>’
No Authors@R field in DESCRIPTION.
Please add one, modifying
Authors@R: person(given = "Dirk",
family = "Eddelbuettel",
role = c("aut", "cre"),
email = "[email protected]")
as necessary.
Flavors: r-devel-linux-x86_64-debian-clang, r-devel-linux-x86_64-debian-gcc