Last updated on 2025-11-05 07:50:57 CET.
| Flavor | Version | Tinstall | Tcheck | Ttotal | Status | Flags |
|---|---|---|---|---|---|---|
| r-devel-linux-x86_64-debian-clang | 1.0.1 | 1.65 | 25.02 | 26.67 | NOTE | |
| r-devel-linux-x86_64-debian-gcc | 1.0.1 | 1.41 | 21.18 | 22.59 | NOTE | |
| r-devel-linux-x86_64-fedora-clang | 1.0.1 | 39.09 | OK | |||
| r-devel-linux-x86_64-fedora-gcc | 1.0.1 | 37.67 | OK | |||
| r-devel-windows-x86_64 | 1.0.1 | 3.00 | 46.00 | 49.00 | OK | |
| r-patched-linux-x86_64 | 1.0.1 | 1.87 | 26.17 | 28.04 | OK | |
| r-release-linux-x86_64 | 1.0.1 | 1.71 | 26.00 | 27.71 | OK | |
| r-release-macos-arm64 | 1.0.1 | 1.00 | 18.00 | 19.00 | OK | |
| r-release-macos-x86_64 | 1.0.1 | 1.00 | 30.00 | 31.00 | OK | |
| r-release-windows-x86_64 | 1.0.1 | 3.00 | 46.00 | 49.00 | OK | |
| r-oldrel-macos-arm64 | 1.0.1 | 1.00 | 17.00 | 18.00 | OK | |
| r-oldrel-macos-x86_64 | 1.0.1 | 2.00 | 37.00 | 39.00 | OK | |
| r-oldrel-windows-x86_64 | 1.0.1 | 2.00 | 48.00 | 50.00 | OK |
Version: 1.0.1
Check: CRAN incoming feasibility
Result: NOTE
Maintainer: ‘Yuval Benjamini <[email protected]>’
No Authors@R field in DESCRIPTION.
Please add one, modifying
Authors@R: person(given = "Yuval",
family = "Benjamini",
role = c("aut", "cre"),
email = "[email protected]")
as necessary.
Flavors: r-devel-linux-x86_64-debian-clang, r-devel-linux-x86_64-debian-gcc