CRAN Package Check Results for Package shutterplot

Last updated on 2025-11-05 07:50:57 CET.

Flavor Version Tinstall Tcheck Ttotal Status Flags
r-devel-linux-x86_64-debian-clang 0.1.0 2.01 19.81 21.82 NOTE
r-devel-linux-x86_64-debian-gcc 0.1.0 1.63 15.54 17.17 NOTE
r-devel-linux-x86_64-fedora-clang 0.1.0 31.99 NOTE
r-devel-linux-x86_64-fedora-gcc 0.1.0 30.70 NOTE
r-devel-windows-x86_64 0.1.0 3.00 34.00 37.00 NOTE
r-patched-linux-x86_64 0.1.0 2.14 18.36 20.50 NOTE
r-release-linux-x86_64 0.1.0 1.89 18.53 20.42 NOTE
r-release-macos-arm64 0.1.0 1.00 13.00 14.00 NOTE
r-release-macos-x86_64 0.1.0 2.00 20.00 22.00 NOTE
r-release-windows-x86_64 0.1.0 3.00 33.00 36.00 NOTE
r-oldrel-macos-arm64 0.1.0 1.00 12.00 13.00 NOTE
r-oldrel-macos-x86_64 0.1.0 2.00 22.00 24.00 NOTE
r-oldrel-windows-x86_64 0.1.0 3.00 35.00 38.00 NOTE

Check Details

Version: 0.1.0
Check: CRAN incoming feasibility
Result: NOTE Maintainer: ‘Siddhanta Phuyal <[email protected]>’ No Authors@R field in DESCRIPTION. Please add one, modifying Authors@R: c(person(given = c("Siddhanta", "Phuyal", "Jyotirmoy", "Sarkar", "<[email protected]>", "Mamunur", "Rashid"), family = "<[email protected]>", role = "aut", email = "[email protected]"), person(given = "Siddhanta", family = "Phuyal", role = "cre", email = "[email protected]")) as necessary. Flavors: r-devel-linux-x86_64-debian-clang, r-devel-linux-x86_64-debian-gcc

Version: 0.1.0
Check: Rd files
Result: NOTE checkRd: (-1) shutterplot.Rd:59: Lost braces; missing escapes or markup? 59 | \item{las}{numeric in {0,1,2,3}; the style of axis labels.' | ^ Flavors: r-devel-linux-x86_64-debian-clang, r-devel-linux-x86_64-debian-gcc, r-devel-linux-x86_64-fedora-clang, r-devel-linux-x86_64-fedora-gcc, r-devel-windows-x86_64, r-patched-linux-x86_64, r-release-linux-x86_64, r-release-macos-arm64, r-release-macos-x86_64, r-release-windows-x86_64, r-oldrel-macos-arm64, r-oldrel-macos-x86_64, r-oldrel-windows-x86_64

Version: 0.1.0
Check: LazyData
Result: NOTE 'LazyData' is specified without a 'data' directory Flavors: r-oldrel-macos-arm64, r-oldrel-macos-x86_64, r-oldrel-windows-x86_64