Last updated on 2025-11-05 07:50:57 CET.
| Flavor | Version | Tinstall | Tcheck | Ttotal | Status | Flags |
|---|---|---|---|---|---|---|
| r-devel-linux-x86_64-debian-clang | 1.0 | 1.41 | 17.22 | 18.63 | NOTE | |
| r-devel-linux-x86_64-debian-gcc | 1.0 | 1.24 | 14.48 | 15.72 | NOTE | |
| r-devel-linux-x86_64-fedora-clang | 1.0 | 27.31 | OK | |||
| r-devel-linux-x86_64-fedora-gcc | 1.0 | 25.71 | OK | |||
| r-devel-windows-x86_64 | 1.0 | 2.00 | 32.00 | 34.00 | OK | |
| r-patched-linux-x86_64 | 1.0 | 1.59 | 16.15 | 17.74 | OK | |
| r-release-linux-x86_64 | 1.0 | 1.56 | 16.34 | 17.90 | OK | |
| r-release-macos-arm64 | 1.0 | 1.00 | 12.00 | 13.00 | OK | |
| r-release-macos-x86_64 | 1.0 | 1.00 | 20.00 | 21.00 | OK | |
| r-release-windows-x86_64 | 1.0 | 2.00 | 31.00 | 33.00 | OK | |
| r-oldrel-macos-arm64 | 1.0 | 1.00 | 12.00 | 13.00 | OK | |
| r-oldrel-macos-x86_64 | 1.0 | 1.00 | 17.00 | 18.00 | OK | |
| r-oldrel-windows-x86_64 | 1.0 | 2.00 | 33.00 | 35.00 | OK |
Version: 1.0
Check: CRAN incoming feasibility
Result: NOTE
Maintainer: ‘Louis-Marvin Sander <[email protected]>’
No Authors@R field in DESCRIPTION.
Please add one, modifying
Authors@R: c(person(given = "Louis-Marvin",
family = "Sander",
role = c("aut", "cre"),
email = "[email protected]"),
person(given = c("master", "of", "ecology", "student", "from"),
family = "Bayreuth",
role = "aut"),
person(family = "DE",
role = "aut"))
as necessary.
Flavors: r-devel-linux-x86_64-debian-clang, r-devel-linux-x86_64-debian-gcc